Last updated on 2023-10-03 01:04:49 CEST.
Flavor | Version | Tinstall | Tcheck | Ttotal | Status | Flags |
---|---|---|---|---|---|---|
r-devel-linux-x86_64-debian-clang | 1.2.2 | 109.57 | 265.96 | 375.53 | NOTE | |
r-devel-linux-x86_64-debian-gcc | 1.2.2 | 80.12 | 182.04 | 262.16 | NOTE | |
r-devel-linux-x86_64-fedora-clang | 1.2.2 | 470.32 | NOTE | |||
r-devel-linux-x86_64-fedora-gcc | 1.2.2 | 472.05 | NOTE | |||
r-devel-windows-x86_64 | 1.2.2 | 83.00 | 232.00 | 315.00 | NOTE | |
r-patched-linux-x86_64 | 1.2.2 | 96.18 | 236.98 | 333.16 | NOTE | |
r-release-linux-x86_64 | 1.2.2 | 111.65 | 237.55 | 349.20 | NOTE | |
r-release-macos-arm64 | 1.2.2 | 136.00 | NOTE | |||
r-release-macos-x86_64 | 1.2.2 | 233.00 | NOTE | |||
r-release-windows-x86_64 | 1.2.2 | 115.00 | 270.00 | 385.00 | NOTE | |
r-oldrel-macos-arm64 | 1.2.2 | 118.00 | NOTE | |||
r-oldrel-macos-x86_64 | 1.2.2 | 150.00 | NOTE | |||
r-oldrel-windows-x86_64 | 1.2.2 | 113.00 | 256.00 | 369.00 | OK |
Version: 1.2.2
Check: C++ specification
Result: NOTE
Specified C++11: please drop specification unless essential
Flavors: r-devel-linux-x86_64-debian-clang, r-devel-linux-x86_64-debian-gcc, r-devel-linux-x86_64-fedora-clang, r-devel-linux-x86_64-fedora-gcc, r-devel-windows-x86_64, r-patched-linux-x86_64, r-release-linux-x86_64, r-release-macos-arm64, r-release-macos-x86_64, r-release-windows-x86_64
Version: 1.2.2
Check: installed package size
Result: NOTE
installed size is 9.2Mb
sub-directories of 1Mb or more:
doc 1.1Mb
libs 7.3Mb
Flavors: r-release-macos-arm64, r-release-macos-x86_64, r-oldrel-macos-arm64, r-oldrel-macos-x86_64