Last updated on 2023-11-29 00:50:15 CET.
Flavor | Version | Tinstall | Tcheck | Ttotal | Status | Flags |
---|---|---|---|---|---|---|
r-devel-linux-x86_64-debian-clang | 0.2.6 | 18.13 | 114.99 | 133.12 | OK | |
r-devel-linux-x86_64-debian-gcc | 0.2.6 | 14.15 | 81.98 | 96.13 | OK | |
r-devel-linux-x86_64-fedora-clang | 0.2.6 | 168.19 | NOTE | |||
r-devel-linux-x86_64-fedora-gcc | 0.2.6 | 175.03 | OK | |||
r-devel-windows-x86_64 | 0.2.6 | 16.00 | 94.00 | 110.00 | OK | |
r-patched-linux-x86_64 | 0.2.6 | 16.33 | 102.58 | 118.91 | OK | |
r-release-linux-x86_64 | 0.2.6 | 10.68 | 104.16 | 114.84 | OK | |
r-release-macos-arm64 | 0.2.6 | 51.00 | OK | |||
r-release-macos-x86_64 | 0.2.6 | 90.00 | NOTE | |||
r-release-windows-x86_64 | 0.2.6 | 20.00 | 108.00 | 128.00 | OK | |
r-oldrel-macos-arm64 | 0.2.6 | 41.00 | OK | |||
r-oldrel-macos-x86_64 | 0.2.6 | 62.00 | OK | |||
r-oldrel-windows-x86_64 | 0.2.6 | 22.00 | 116.00 | 138.00 | OK |
Version: 0.2.6
Check: package dependencies
Result: NOTE
Imports includes 22 non-default packages.
Importing from so many packages makes the package vulnerable to any of
them becoming unavailable. Move as many as possible to Suggests and
use conditionally.
Flavor: r-devel-linux-x86_64-fedora-clang
Version: 0.2.6
Check: package dependencies
Result: NOTE
Packages suggested but not available for checking: 'psych', 'sirt'
Flavor: r-release-macos-x86_64