CRAN Package Check Results for Package dfoliatR

Last updated on 2021-10-21 00:49:42 CEST.

Flavor Version Tinstall Tcheck Ttotal Status Flags
r-devel-linux-x86_64-debian-clang 0.2.0 5.99 79.63 85.62 OK
r-devel-linux-x86_64-debian-gcc 0.2.0 4.68 59.33 64.01 OK
r-devel-linux-x86_64-fedora-clang 0.2.0 112.31 NOTE
r-devel-linux-x86_64-fedora-gcc 0.2.0 98.75 NOTE
r-devel-windows-x86_64 0.2.0 11.00 113.00 124.00 OK
r-devel-windows-x86_64-gcc10-UCRT 0.2.0 NOTE
r-patched-linux-x86_64 0.2.0 5.82 74.33 80.15 OK
r-patched-solaris-x86 0.2.0 132.50 NOTE
r-release-linux-x86_64 0.2.0 5.98 74.70 80.68 OK
r-release-macos-arm64 0.2.0 NOTE
r-release-macos-x86_64 0.2.0 NOTE
r-release-windows-ix86+x86_64 0.2.0 16.00 108.00 124.00 OK
r-oldrel-macos-x86_64 0.2.0 NOTE
r-oldrel-windows-ix86+x86_64 0.2.0 18.00 111.00 129.00 OK

Check Details

Version: 0.2.0
Check: dependencies in R code
Result: NOTE
    Namespaces in Imports field not imported from:
     ‘MASS’ ‘plyr’
     All declared Imports should be used.
Flavors: r-devel-linux-x86_64-fedora-clang, r-devel-linux-x86_64-fedora-gcc, r-devel-windows-x86_64-gcc10-UCRT, r-patched-solaris-x86, r-release-macos-arm64, r-release-macos-x86_64, r-oldrel-macos-x86_64