Last updated on 2023-11-28 00:56:45 CET.
Flavor | Version | Tinstall | Tcheck | Ttotal | Status | Flags |
---|---|---|---|---|---|---|
r-devel-linux-x86_64-debian-clang | 1.0.4 | 5.51 | 67.71 | 73.22 | NOTE | |
r-devel-linux-x86_64-debian-gcc | 1.0.4 | 4.12 | 52.23 | 56.35 | NOTE | |
r-devel-linux-x86_64-fedora-clang | 1.0.4 | 94.13 | NOTE | |||
r-devel-linux-x86_64-fedora-gcc | 1.0.4 | 97.92 | NOTE | |||
r-devel-windows-x86_64 | 1.0.4 | 6.00 | 74.00 | 80.00 | NOTE | |
r-patched-linux-x86_64 | 1.0.4 | 5.85 | 64.13 | 69.98 | NOTE | |
r-release-linux-x86_64 | 1.0.4 | 4.39 | 64.72 | 69.11 | NOTE | |
r-release-macos-arm64 | 1.0.4 | 35.00 | NOTE | |||
r-release-macos-x86_64 | 1.0.4 | 58.00 | NOTE | |||
r-release-windows-x86_64 | 1.0.4 | 7.00 | 81.00 | 88.00 | NOTE | |
r-oldrel-macos-arm64 | 1.0.4 | 24.00 | NOTE | |||
r-oldrel-macos-x86_64 | 1.0.4 | 42.00 | NOTE | |||
r-oldrel-windows-x86_64 | 1.0.4 | 7.00 | 79.00 | 86.00 | NOTE |
Version: 1.0.4
Check: LazyData
Result: NOTE
'LazyData' is specified without a 'data' directory
Flavors: r-devel-linux-x86_64-debian-clang, r-devel-linux-x86_64-debian-gcc, r-devel-linux-x86_64-fedora-clang, r-devel-linux-x86_64-fedora-gcc, r-devel-windows-x86_64, r-patched-linux-x86_64, r-release-linux-x86_64, r-release-macos-arm64, r-release-macos-x86_64, r-release-windows-x86_64, r-oldrel-macos-arm64, r-oldrel-macos-x86_64, r-oldrel-windows-x86_64