CRAN Package Check Results for Package diffusr

Last updated on 2023-10-04 00:58:20 CEST.

Flavor Version Tinstall Tcheck Ttotal Status Flags
r-devel-linux-x86_64-debian-clang 0.1.4 62.71 44.01 106.72 NOTE
r-devel-linux-x86_64-debian-gcc 0.1.4 48.76 35.53 84.29 NOTE
r-devel-linux-x86_64-fedora-clang 0.1.4 159.39 NOTE
r-devel-linux-x86_64-fedora-gcc 0.1.4 168.05 NOTE
r-devel-windows-x86_64 0.1.4 53.00 76.00 129.00 NOTE
r-patched-linux-x86_64 0.1.4 66.34 44.02 110.36 NOTE
r-release-linux-x86_64 0.1.4 68.23 44.30 112.53 NOTE
r-release-macos-arm64 0.1.4 48.00 NOTE
r-release-macos-x86_64 0.1.4 77.00 NOTE
r-release-windows-x86_64 0.1.4 67.00 83.00 150.00 NOTE
r-oldrel-macos-arm64 0.1.4 46.00 NOTE
r-oldrel-macos-x86_64 0.1.4 53.00 NOTE
r-oldrel-windows-x86_64 0.1.4 65.00 82.00 147.00 NOTE

Check Details

Version: 0.1.4
Check: C++ specification
Result: NOTE
     Specified C++11: please drop specification unless essential
Flavors: r-devel-linux-x86_64-debian-clang, r-devel-linux-x86_64-debian-gcc, r-devel-linux-x86_64-fedora-clang, r-devel-linux-x86_64-fedora-gcc, r-devel-windows-x86_64, r-patched-linux-x86_64, r-release-linux-x86_64, r-release-macos-arm64, r-release-macos-x86_64, r-release-windows-x86_64

Version: 0.1.4
Check: LazyData
Result: NOTE
     'LazyData' is specified without a 'data' directory
Flavors: r-devel-linux-x86_64-debian-clang, r-devel-linux-x86_64-debian-gcc, r-devel-linux-x86_64-fedora-clang, r-devel-linux-x86_64-fedora-gcc, r-devel-windows-x86_64, r-patched-linux-x86_64, r-release-linux-x86_64, r-release-macos-arm64, r-release-macos-x86_64, r-release-windows-x86_64, r-oldrel-macos-arm64, r-oldrel-macos-x86_64, r-oldrel-windows-x86_64

Version: 0.1.4
Check: dependencies in R code
Result: NOTE
    Namespace in Imports field not imported from: ‘methods’
     All declared Imports should be used.
Flavors: r-devel-linux-x86_64-fedora-clang, r-devel-linux-x86_64-fedora-gcc, r-oldrel-macos-x86_64

Version: 0.1.4
Check: installed package size
Result: NOTE
     installed size is 11.8Mb
     sub-directories of 1Mb or more:
     libs 10.8Mb
Flavors: r-release-macos-arm64, r-release-macos-x86_64, r-oldrel-macos-arm64, r-oldrel-macos-x86_64