Last updated on 2023-05-29 00:59:32 CEST.
Flavor | Version | Tinstall | Tcheck | Ttotal | Status | Flags |
---|---|---|---|---|---|---|
r-devel-linux-x86_64-debian-clang | 0.2.6 | 20.54 | 280.90 | 301.44 | OK | |
r-devel-linux-x86_64-debian-gcc | 0.2.6 | 16.59 | 215.20 | 231.79 | OK | |
r-devel-linux-x86_64-fedora-clang | 0.2.6 | 379.35 | NOTE | |||
r-devel-linux-x86_64-fedora-gcc | 0.2.6 | 373.67 | OK | |||
r-devel-windows-x86_64 | 0.2.6 | 19.00 | 241.00 | 260.00 | OK | |
r-patched-linux-x86_64 | 0.2.6 | 22.38 | 271.67 | 294.05 | OK | |
r-release-linux-x86_64 | 0.2.6 | 21.36 | 272.90 | 294.26 | OK | |
r-release-macos-arm64 | 0.2.6 | 114.00 | OK | |||
r-release-macos-x86_64 | 0.2.6 | 207.00 | OK | |||
r-release-windows-x86_64 | 0.2.6 | 25.00 | 293.00 | 318.00 | OK | |
r-oldrel-macos-arm64 | 0.2.6 | 105.00 | OK | |||
r-oldrel-macos-x86_64 | 0.2.6 | 140.00 | OK | |||
r-oldrel-windows-x86_64 | 0.2.6 | 26.00 | 292.00 | 318.00 | OK |
Version: 0.2.6
Check: Rd cross-references
Result: NOTE
Undeclared package ‘CVST’ in Rd xrefs
Flavor: r-devel-linux-x86_64-fedora-clang