CRAN Package Check Results for Package discourseGT

Last updated on 2021-10-16 00:49:12 CEST.

Flavor Version Tinstall Tcheck Ttotal Status Flags
r-devel-linux-x86_64-debian-clang 1.1.6 3.04 40.73 43.77 OK
r-devel-linux-x86_64-debian-gcc 1.1.6 2.43 31.49 33.92 OK
r-devel-linux-x86_64-fedora-clang 1.1.6 63.12 NOTE
r-devel-linux-x86_64-fedora-gcc 1.1.6 51.25 NOTE
r-devel-windows-x86_64 1.1.6 15.00 53.00 68.00 OK
r-devel-windows-x86_64-gcc10-UCRT 1.1.6 NOTE
r-patched-linux-x86_64 1.1.6 2.94 30.91 33.85 OK
r-patched-solaris-x86 1.1.6 62.20 NOTE
r-release-linux-x86_64 1.1.6 3.02 30.69 33.71 OK
r-release-macos-arm64 1.1.6 NOTE
r-release-macos-x86_64 1.1.6 NOTE
r-release-windows-ix86+x86_64 1.1.6 9.00 51.00 60.00 OK
r-oldrel-macos-x86_64 1.1.6 NOTE
r-oldrel-windows-ix86+x86_64 1.1.6 10.00 50.00 60.00 OK

Check Details

Version: 1.1.6
Check: dependencies in R code
Result: NOTE
    Namespaces in Imports field not imported from:
     ‘BiocManager’ ‘ggpubr’ ‘sna’
     All declared Imports should be used.
Flavors: r-devel-linux-x86_64-fedora-clang, r-devel-linux-x86_64-fedora-gcc, r-devel-windows-x86_64-gcc10-UCRT, r-patched-solaris-x86, r-release-macos-arm64, r-release-macos-x86_64, r-oldrel-macos-x86_64