CRAN Package Check Results for Package discoveR

Last updated on 2025-01-12 00:49:36 CET.

Flavor Version Tinstall Tcheck Ttotal Status Flags
r-devel-linux-x86_64-debian-clang 3.1.2 19.12 129.05 148.17 NOTE
r-devel-linux-x86_64-debian-gcc 3.1.2 15.17 89.58 104.75 NOTE
r-devel-linux-x86_64-fedora-clang 3.1.2 240.59 NOTE
r-devel-linux-x86_64-fedora-gcc 3.1.2 228.77 NOTE
r-devel-windows-x86_64 3.1.2 24.00 139.00 163.00 NOTE
r-patched-linux-x86_64 3.1.2 18.17 120.04 138.21 NOTE
r-release-macos-arm64 3.1.2 61.00 NOTE
r-release-macos-x86_64 3.1.2 92.00 NOTE
r-release-windows-x86_64 3.1.2 22.00 137.00 159.00 NOTE
r-oldrel-macos-arm64 3.1.2 65.00 OK
r-oldrel-macos-x86_64 3.1.2 123.00 OK
r-oldrel-windows-x86_64 3.1.2 26.00 173.00 199.00 OK

Check Details

Version: 3.1.2
Check: Rd files
Result: NOTE checkRd: (-1) app_server.Rd:10: Lost braces; missing escapes or markup? 10 | \item{input, output, session}{Internal parameters for `{shiny}`. | ^ Flavors: r-devel-linux-x86_64-debian-clang, r-devel-linux-x86_64-debian-gcc, r-devel-linux-x86_64-fedora-clang, r-devel-linux-x86_64-fedora-gcc, r-devel-windows-x86_64, r-patched-linux-x86_64, r-release-macos-arm64, r-release-macos-x86_64, r-release-windows-x86_64