Last updated on 2023-09-23 00:53:51 CEST.
Flavor | Version | Tinstall | Tcheck | Ttotal | Status | Flags |
---|---|---|---|---|---|---|
r-devel-linux-x86_64-debian-clang | 0.0.1 | 2.78 | 48.73 | 51.51 | OK | |
r-devel-linux-x86_64-debian-gcc | 0.0.1 | 2.25 | 34.93 | 37.18 | OK | |
r-devel-linux-x86_64-fedora-clang | 0.0.1 | 68.37 | NOTE | |||
r-devel-linux-x86_64-fedora-gcc | 0.0.1 | 73.72 | NOTE | |||
r-devel-windows-x86_64 | 0.0.1 | 5.00 | 63.00 | 68.00 | OK | |
r-patched-linux-x86_64 | 0.0.1 | 2.03 | 45.37 | 47.40 | OK | |
r-release-linux-x86_64 | 0.0.1 | 2.02 | 44.78 | 46.80 | OK | |
r-release-macos-arm64 | 0.0.1 | 31.00 | OK | |||
r-release-macos-x86_64 | 0.0.1 | 46.00 | OK | |||
r-release-windows-x86_64 | 0.0.1 | 5.00 | 66.00 | 71.00 | OK | |
r-oldrel-macos-arm64 | 0.0.1 | 24.00 | NOTE | |||
r-oldrel-macos-x86_64 | 0.0.1 | 46.00 | NOTE | |||
r-oldrel-windows-x86_64 | 0.0.1 | 4.00 | 66.00 | 70.00 | OK |
Version: 0.0.1
Check: dependencies in R code
Result: NOTE
Namespaces in Imports field not imported from:
‘dplyr’ ‘readr’
All declared Imports should be used.
Flavors: r-devel-linux-x86_64-fedora-clang, r-devel-linux-x86_64-fedora-gcc, r-oldrel-macos-arm64, r-oldrel-macos-x86_64