CRAN Package Check Results for Package discretization

Last updated on 2021-12-07 00:49:16 CET.

Flavor Version Tinstall Tcheck Ttotal Status Flags
r-devel-linux-x86_64-debian-clang 1.0-1 3.00 40.82 43.82 NOTE
r-devel-linux-x86_64-debian-gcc 1.0-1 1.92 30.40 32.32 NOTE
r-devel-linux-x86_64-fedora-clang 1.0-1 53.02 NOTE
r-devel-linux-x86_64-fedora-gcc 1.0-1 42.26 NOTE
r-devel-windows-x86_64-new-UL 1.0-1 8.00 62.00 70.00 NOTE
r-devel-windows-x86_64-new-TK 1.0-1 NOTE
r-devel-windows-x86_64-old 1.0-1 5.00 36.00 41.00 NOTE
r-patched-linux-x86_64 1.0-1 3.34 30.44 33.78 NOTE
r-release-linux-x86_64 1.0-1 2.88 38.17 41.05 NOTE
r-release-macos-arm64 1.0-1 NOTE
r-release-macos-x86_64 1.0-1 NOTE
r-release-windows-ix86+x86_64 1.0-1 6.00 35.00 41.00 NOTE
r-oldrel-macos-x86_64 1.0-1 NOTE
r-oldrel-windows-ix86+x86_64 1.0-1 6.00 34.00 40.00 NOTE

Check Details

Version: 1.0-1
Check: DESCRIPTION meta-information
Result: NOTE
    Malformed Title field: should not end in a period.
Flavors: r-devel-linux-x86_64-debian-clang, r-devel-linux-x86_64-debian-gcc, r-devel-linux-x86_64-fedora-clang, r-devel-linux-x86_64-fedora-gcc, r-devel-windows-x86_64-new-UL, r-devel-windows-x86_64-new-TK, r-devel-windows-x86_64-old, r-patched-linux-x86_64, r-release-linux-x86_64, r-release-macos-arm64, r-release-macos-x86_64, r-release-windows-ix86+x86_64, r-oldrel-macos-x86_64, r-oldrel-windows-ix86+x86_64

Version: 1.0-1
Check: R code for possible problems
Result: NOTE
    value: no visible global function definition for 'qchisq'
    Undefined global functions or variables:
     qchisq
    Consider adding
     importFrom("stats", "qchisq")
    to your NAMESPACE file.
Flavors: r-devel-linux-x86_64-debian-clang, r-devel-linux-x86_64-debian-gcc, r-devel-linux-x86_64-fedora-clang, r-devel-linux-x86_64-fedora-gcc, r-devel-windows-x86_64-new-UL, r-devel-windows-x86_64-new-TK, r-devel-windows-x86_64-old, r-patched-linux-x86_64, r-release-linux-x86_64, r-release-macos-arm64, r-release-macos-x86_64, r-release-windows-ix86+x86_64, r-oldrel-macos-x86_64, r-oldrel-windows-ix86+x86_64