CRAN Package Check Results for Package dispositionEffect

Last updated on 2023-03-30 00:51:51 CEST.

Flavor Version Tinstall Tcheck Ttotal Status Flags
r-devel-linux-x86_64-debian-clang 1.0.1 4.58 158.29 162.87 OK
r-devel-linux-x86_64-debian-gcc 1.0.1 4.56 119.62 124.18 OK
r-devel-linux-x86_64-fedora-clang 1.0.1 197.36 OK
r-devel-linux-x86_64-fedora-gcc 1.0.1 214.21 OK
r-devel-windows-x86_64 1.0.1 88.00 198.00 286.00 OK
r-patched-linux-x86_64 1.0.1 4.96 151.23 156.19 OK
r-release-linux-x86_64 1.0.1 4.65 158.65 163.30 OK
r-release-macos-arm64 1.0.1 54.00 ERROR
r-release-macos-x86_64 1.0.1 76.00 ERROR
r-release-windows-x86_64 1.0.1 84.00 199.00 283.00 OK
r-oldrel-macos-arm64 1.0.1 54.00 ERROR
r-oldrel-macos-x86_64 1.0.1 87.00 ERROR
r-oldrel-windows-ix86+x86_64 1.0.1 10.00 197.00 207.00 OK

Check Details

Version: 1.0.1
Check: tests
Result: ERROR
     Running ‘testthat.R’ [4s/4s]
    Running the tests in ‘tests/testthat.R’ failed.
    Last 13 lines of output:
     realized_duration(...) not equal to c(...).
     1/4 mismatches
     [1] 29 - 28 == 1
     ── Failure ('test-realized_duration.R:158:2'): realized_duration works (realized_only = TRUE) ──
     realized_duration(...) not equal to c(...).
     1/4 mismatches
     [2] 29 - 28 == 1
     ── Failure ('test-realized_duration.R:161:2'): realized_duration works (realized_only = TRUE) ──
     realized_duration(...) not equal to c(...).
     1/4 mismatches
     [1] 29 - 28 == 1
    
     [ FAIL 36 | WARN 0 | SKIP 0 | PASS 331 ]
     Error: Test failures
     Execution halted
Flavor: r-release-macos-arm64

Version: 1.0.1
Check: tests
Result: ERROR
     Running ‘testthat.R’ [5s/5s]
    Running the tests in ‘tests/testthat.R’ failed.
    Last 13 lines of output:
     realized_duration(...) not equal to c(...).
     1/4 mismatches
     [1] 31 - 28 == 3
     ── Failure ('test-realized_duration.R:158:2'): realized_duration works (realized_only = TRUE) ──
     realized_duration(...) not equal to c(...).
     1/4 mismatches
     [2] 31 - 28 == 3
     ── Failure ('test-realized_duration.R:161:2'): realized_duration works (realized_only = TRUE) ──
     realized_duration(...) not equal to c(...).
     1/4 mismatches
     [1] 31 - 28 == 3
    
     [ FAIL 36 | WARN 0 | SKIP 0 | PASS 331 ]
     Error: Test failures
     Execution halted
Flavor: r-release-macos-x86_64

Version: 1.0.1
Check: tests
Result: ERROR
     Running ‘testthat.R’ [3s/3s]
    Running the tests in ‘tests/testthat.R’ failed.
    Last 13 lines of output:
     realized_duration(...) not equal to c(...).
     1/4 mismatches
     [1] 29 - 28 == 1
     ── Failure ('test-realized_duration.R:158:2'): realized_duration works (realized_only = TRUE) ──
     realized_duration(...) not equal to c(...).
     1/4 mismatches
     [2] 29 - 28 == 1
     ── Failure ('test-realized_duration.R:161:2'): realized_duration works (realized_only = TRUE) ──
     realized_duration(...) not equal to c(...).
     1/4 mismatches
     [1] 29 - 28 == 1
    
     [ FAIL 36 | WARN 0 | SKIP 0 | PASS 331 ]
     Error: Test failures
     Execution halted
Flavor: r-oldrel-macos-arm64

Version: 1.0.1
Check: tests
Result: ERROR
     Running ‘testthat.R’ [6s/6s]
    Running the tests in ‘tests/testthat.R’ failed.
    Last 13 lines of output:
     realized_duration(...) not equal to c(...).
     1/4 mismatches
     [1] 31 - 28 == 3
     ── Failure ('test-realized_duration.R:158:2'): realized_duration works (realized_only = TRUE) ──
     realized_duration(...) not equal to c(...).
     1/4 mismatches
     [2] 31 - 28 == 3
     ── Failure ('test-realized_duration.R:161:2'): realized_duration works (realized_only = TRUE) ──
     realized_duration(...) not equal to c(...).
     1/4 mismatches
     [1] 31 - 28 == 3
    
     [ FAIL 36 | WARN 0 | SKIP 0 | PASS 331 ]
     Error: Test failures
     Execution halted
Flavor: r-oldrel-macos-x86_64