CRAN Package Check Results for Package distcrete

Last updated on 2023-10-05 01:01:42 CEST.

Flavor Version Tinstall Tcheck Ttotal Status Flags
r-devel-linux-x86_64-debian-clang 1.0.3 2.11 26.22 28.33 NOTE
r-devel-linux-x86_64-debian-gcc 1.0.3 1.68 20.64 22.32 NOTE
r-devel-linux-x86_64-fedora-clang 1.0.3 36.14 NOTE
r-devel-linux-x86_64-fedora-gcc 1.0.3 47.08 NOTE
r-devel-windows-x86_64 1.0.3 3.00 43.00 46.00 NOTE
r-patched-linux-x86_64 1.0.3 1.92 25.67 27.59 NOTE
r-release-linux-x86_64 1.0.3 1.83 25.79 27.62 NOTE
r-release-macos-arm64 1.0.3 22.00 NOTE
r-release-macos-x86_64 1.0.3 33.00 NOTE
r-release-windows-x86_64 1.0.3 5.00 42.00 47.00 NOTE
r-oldrel-macos-arm64 1.0.3 18.00 NOTE
r-oldrel-macos-x86_64 1.0.3 24.00 NOTE
r-oldrel-windows-x86_64 1.0.3 4.00 47.00 51.00 NOTE

Check Details

Version: 1.0.3
Check: LazyData
Result: NOTE
     'LazyData' is specified without a 'data' directory
Flavors: r-devel-linux-x86_64-debian-clang, r-devel-linux-x86_64-debian-gcc, r-devel-linux-x86_64-fedora-clang, r-devel-linux-x86_64-fedora-gcc, r-devel-windows-x86_64, r-patched-linux-x86_64, r-release-linux-x86_64, r-release-macos-arm64, r-release-macos-x86_64, r-release-windows-x86_64, r-oldrel-macos-arm64, r-oldrel-macos-x86_64, r-oldrel-windows-x86_64