Last updated on 2023-12-11 00:49:04 CET.
Flavor | Version | Tinstall | Tcheck | Ttotal | Status | Flags |
---|---|---|---|---|---|---|
r-devel-linux-x86_64-debian-clang | 1.2-1 | 4.17 | 36.53 | 40.70 | NOTE | |
r-devel-linux-x86_64-debian-gcc | 1.2-1 | 3.00 | 27.85 | 30.85 | NOTE | |
r-devel-linux-x86_64-fedora-clang | 1.2-1 | 52.52 | NOTE | |||
r-devel-linux-x86_64-fedora-gcc | 1.2-1 | 47.48 | NOTE | |||
r-devel-windows-x86_64 | 1.2-1 | 4.00 | 46.00 | 50.00 | NOTE | |
r-patched-linux-x86_64 | 1.2-1 | 4.23 | 35.73 | 39.96 | NOTE | |
r-release-linux-x86_64 | 1.2-1 | 4.13 | 36.12 | 40.25 | NOTE | |
r-release-macos-arm64 | 1.2-1 | 17.00 | NOTE | |||
r-release-macos-x86_64 | 1.2-1 | 28.00 | NOTE | |||
r-release-windows-x86_64 | 1.2-1 | 6.00 | 50.00 | 56.00 | NOTE | |
r-oldrel-macos-arm64 | 1.2-1 | 18.00 | OK | |||
r-oldrel-macos-x86_64 | 1.2-1 | 25.00 | OK | |||
r-oldrel-windows-x86_64 | 1.2-1 | 8.00 | 55.00 | 63.00 | OK |
Version: 1.2-1
Check: Rd files
Result: NOTE
checkRd: (-1) booter.Rd:68: Escaped LaTeX specials: \&
checkRd: (-1) ci.booted.Rd:53: Escaped LaTeX specials: \&
checkRd: (-1) pbooter.Rd:57: Escaped LaTeX specials: \&
Flavors: r-devel-linux-x86_64-debian-clang, r-devel-linux-x86_64-debian-gcc, r-devel-linux-x86_64-fedora-clang, r-devel-linux-x86_64-fedora-gcc, r-devel-windows-x86_64, r-patched-linux-x86_64, r-release-linux-x86_64, r-release-macos-arm64, r-release-macos-x86_64, r-release-windows-x86_64