CRAN Package Check Results for Package distrEx

Last updated on 2021-09-20 00:48:42 CEST.

Flavor Version Tinstall Tcheck Ttotal Status Flags
r-devel-linux-x86_64-debian-clang 2.8.0 31.42 98.14 129.56 OK
r-devel-linux-x86_64-debian-gcc 2.8.0 26.40 73.39 99.79 OK
r-devel-linux-x86_64-fedora-clang 2.8.0 166.05 NOTE
r-devel-linux-x86_64-fedora-gcc 2.8.0 163.97 OK
r-devel-windows-x86_64 2.8.0 33.00 90.00 123.00 OK
r-devel-windows-x86_64-gcc10-UCRT 2.8.0 ERROR
r-patched-linux-x86_64 2.8.0 37.20 94.58 131.78 OK
r-patched-solaris-x86 2.8.0 210.80 OK
r-release-linux-x86_64 2.8.0 31.84 93.20 125.04 OK
r-release-macos-arm64 2.8.0 OK
r-release-macos-x86_64 2.8.0 OK
r-release-windows-ix86+x86_64 2.8.0 57.00 127.00 184.00 OK
r-oldrel-macos-x86_64 2.8.0 OK
r-oldrel-windows-ix86+x86_64 2.8.0 58.00 121.00 179.00 OK

Check Details

Version: 2.8.0
Check: Rd cross-references
Result: NOTE
    Undeclared package ‘robustbase’ in Rd xrefs
Flavor: r-devel-linux-x86_64-fedora-clang

Version: 2.8.0
Check: whether package can be installed
Result: ERROR
    Installation failed.
Flavor: r-devel-windows-x86_64-gcc10-UCRT