CRAN Package Check Results for Package distrMod

Last updated on 2021-09-17 00:49:33 CEST.

Flavor Version Tinstall Tcheck Ttotal Status Flags
r-devel-linux-x86_64-debian-clang 2.8.4 46.36 201.13 247.49 OK
r-devel-linux-x86_64-debian-gcc 2.8.4 37.90 149.33 187.23 OK
r-devel-linux-x86_64-fedora-clang 2.8.4 301.58 NOTE
r-devel-linux-x86_64-fedora-gcc 2.8.4 323.68 OK
r-devel-windows-x86_64 2.8.4 49.00 259.00 308.00 OK
r-devel-windows-x86_64-gcc10-UCRT 2.8.4 OK
r-patched-linux-x86_64 2.8.4 49.49 191.46 240.95 OK
r-patched-solaris-x86 2.8.4 384.10 OK
r-release-linux-x86_64 2.8.4 44.35 191.67 236.02 OK
r-release-macos-arm64 2.8.4 OK
r-release-macos-x86_64 2.8.4 OK
r-release-windows-ix86+x86_64 2.8.4 81.00 189.00 270.00 OK
r-oldrel-macos-x86_64 2.8.4 OK
r-oldrel-windows-ix86+x86_64 2.8.4 51.00 238.00 289.00 OK

Check Details

Version: 2.8.4
Check: Rd cross-references
Result: NOTE
    Undeclared package ‘RobAStBase’ in Rd xrefs
Flavor: r-devel-linux-x86_64-fedora-clang