CRAN Package Check Results for Package distributional

Last updated on 2021-10-18 00:48:11 CEST.

Flavor Version Tinstall Tcheck Ttotal Status Flags
r-devel-linux-x86_64-debian-clang 0.2.2 8.37 75.08 83.45 NOTE
r-devel-linux-x86_64-debian-gcc 0.2.2 7.19 55.77 62.96 NOTE
r-devel-linux-x86_64-fedora-clang 0.2.2 111.22 NOTE
r-devel-linux-x86_64-fedora-gcc 0.2.2 96.79 NOTE
r-devel-windows-x86_64 0.2.2 18.00 101.00 119.00 NOTE
r-devel-windows-x86_64-gcc10-UCRT 0.2.2 NOTE
r-patched-linux-x86_64 0.2.2 10.52 70.15 80.67 NOTE
r-patched-solaris-x86 0.2.2 135.20 NOTE
r-release-linux-x86_64 0.2.2 7.90 70.50 78.40 NOTE
r-release-macos-arm64 0.2.2 NOTE
r-release-macos-x86_64 0.2.2 NOTE
r-release-windows-ix86+x86_64 0.2.2 13.00 106.00 119.00 NOTE
r-oldrel-macos-x86_64 0.2.2 OK
r-oldrel-windows-ix86+x86_64 0.2.2 22.00 102.00 124.00 OK

Check Details

Version: 0.2.2
Check: LazyData
Result: NOTE
     'LazyData' is specified without a 'data' directory
Flavors: r-devel-linux-x86_64-debian-clang, r-devel-linux-x86_64-debian-gcc, r-devel-linux-x86_64-fedora-clang, r-devel-linux-x86_64-fedora-gcc, r-devel-windows-x86_64, r-devel-windows-x86_64-gcc10-UCRT, r-patched-linux-x86_64, r-patched-solaris-x86, r-release-linux-x86_64, r-release-macos-arm64, r-release-macos-x86_64, r-release-windows-ix86+x86_64