CRAN Package Check Results for Package diveRsity

Last updated on 2021-10-24 00:50:55 CEST.

Flavor Version Tinstall Tcheck Ttotal Status Flags
r-devel-linux-x86_64-debian-clang 1.9.90 146.61 181.67 328.28 NOTE
r-devel-linux-x86_64-debian-gcc 1.9.90 108.68 134.40 243.08 NOTE
r-devel-linux-x86_64-fedora-clang 1.9.90 520.30 NOTE
r-devel-linux-x86_64-fedora-gcc 1.9.90 448.08 NOTE
r-devel-windows-x86_64 1.9.90 198.00 226.00 424.00 OK
r-devel-windows-x86_64-gcc10-UCRT 1.9.90 NOTE
r-patched-linux-x86_64 1.9.90 127.70 171.91 299.61 NOTE
r-patched-solaris-x86 1.9.90 456.00 NOTE
r-release-linux-x86_64 1.9.90 131.48 172.70 304.18 NOTE
r-release-macos-arm64 1.9.90 NOTE
r-release-macos-x86_64 1.9.90 NOTE
r-release-windows-ix86+x86_64 1.9.90 260.00 281.00 541.00 OK
r-oldrel-macos-x86_64 1.9.90 NOTE
r-oldrel-windows-ix86+x86_64 1.9.90 390.00 279.00 669.00 OK

Check Details

Version: 1.9.90
Check: package dependencies
Result: NOTE
    Packages suggested but not available for checking: 'sendplot', 'HWxtest'
Flavors: r-devel-linux-x86_64-debian-clang, r-devel-linux-x86_64-debian-gcc, r-devel-linux-x86_64-fedora-clang, r-devel-linux-x86_64-fedora-gcc, r-devel-windows-x86_64-gcc10-UCRT, r-patched-linux-x86_64, r-patched-solaris-x86, r-release-linux-x86_64, r-release-macos-arm64, r-release-macos-x86_64, r-oldrel-macos-x86_64

Version: 1.9.90
Check: installed package size
Result: NOTE
     installed size is 5.8Mb
     sub-directories of 1Mb or more:
     libs 4.3Mb
Flavors: r-devel-linux-x86_64-fedora-clang, r-release-macos-arm64