CRAN Package Check Results for Package dmbc

Last updated on 2022-01-28 00:48:52 CET.

Flavor Version Tinstall Tcheck Ttotal Status Flags
r-devel-linux-x86_64-debian-clang 1.0.0 97.46 101.06 198.52 OK
r-devel-linux-x86_64-debian-gcc 1.0.0 64.72 76.66 141.38 OK
r-devel-linux-x86_64-fedora-clang 1.0.0 275.28 NOTE
r-devel-linux-x86_64-fedora-gcc 1.0.0 243.35 NOTE
r-devel-windows-x86_64-new-UL 1.0.0 125.00 153.00 278.00 OK
r-devel-windows-x86_64-new-TK 1.0.0 NOTE
r-patched-linux-x86_64 1.0.0 91.87 91.58 183.45 OK
r-release-linux-x86_64 1.0.0 85.04 92.34 177.38 OK
r-release-macos-arm64 1.0.0 NOTE
r-release-macos-x86_64 1.0.0 NOTE
r-release-windows-ix86+x86_64 1.0.0 239.00 158.00 397.00 OK
r-oldrel-macos-x86_64 1.0.0 NOTE
r-oldrel-windows-ix86+x86_64 1.0.0 240.00 155.00 395.00 OK

Check Details

Version: 1.0.0
Check: dependencies in R code
Result: NOTE
    Namespace in Imports field not imported from: ‘ggrepel’
     All declared Imports should be used.
Flavors: r-devel-linux-x86_64-fedora-clang, r-devel-linux-x86_64-fedora-gcc, r-devel-windows-x86_64-new-TK, r-release-macos-arm64, r-release-macos-x86_64, r-oldrel-macos-x86_64