CRAN Package Check Results for Package dmtools

Last updated on 2021-10-23 00:48:51 CEST.

Flavor Version Tinstall Tcheck Ttotal Status Flags
r-devel-linux-x86_64-debian-clang 0.2.6 4.27 46.58 50.85 NOTE
r-devel-linux-x86_64-debian-gcc 0.2.6 3.07 35.39 38.46 NOTE
r-devel-linux-x86_64-fedora-clang 0.2.6 71.08 NOTE
r-devel-linux-x86_64-fedora-gcc 0.2.6 59.83 NOTE
r-devel-windows-x86_64 0.2.6 6.00 75.00 81.00 NOTE
r-devel-windows-x86_64-gcc10-UCRT 0.2.6 NOTE
r-patched-linux-x86_64 0.2.6 4.29 46.23 50.52 NOTE
r-patched-solaris-x86 0.2.6 93.00 NOTE
r-release-linux-x86_64 0.2.6 2.42 46.35 48.77 NOTE
r-release-macos-arm64 0.2.6 NOTE
r-release-macos-x86_64 0.2.6 NOTE
r-release-windows-ix86+x86_64 0.2.6 6.00 73.00 79.00 NOTE
r-oldrel-macos-x86_64 0.2.6 OK
r-oldrel-windows-ix86+x86_64 0.2.6 10.00 79.00 89.00 OK

Check Details

Version: 0.2.6
Check: LazyData
Result: NOTE
     'LazyData' is specified without a 'data' directory
Flavors: r-devel-linux-x86_64-debian-clang, r-devel-linux-x86_64-debian-gcc, r-devel-linux-x86_64-fedora-clang, r-devel-linux-x86_64-fedora-gcc, r-devel-windows-x86_64, r-devel-windows-x86_64-gcc10-UCRT, r-patched-linux-x86_64, r-patched-solaris-x86, r-release-linux-x86_64, r-release-macos-arm64, r-release-macos-x86_64, r-release-windows-ix86+x86_64