Last updated on 2023-06-05 00:55:21 CEST.
Flavor | Version | Tinstall | Tcheck | Ttotal | Status | Flags |
---|---|---|---|---|---|---|
r-devel-linux-x86_64-debian-clang | 1.8.6 | 2.50 | 51.79 | 54.29 | OK | |
r-devel-linux-x86_64-debian-gcc | 1.8.6 | 1.95 | 40.88 | 42.83 | OK | |
r-devel-linux-x86_64-fedora-clang | 1.8.6 | 68.04 | OK | |||
r-devel-linux-x86_64-fedora-gcc | 1.8.6 | 75.60 | OK | |||
r-devel-windows-x86_64 | 1.8.6 | 4.00 | 99.00 | 103.00 | OK | |
r-patched-linux-x86_64 | 1.8.6 | 4.06 | 50.05 | 54.11 | OK | |
r-release-linux-x86_64 | 1.8.6 | 2.12 | 49.87 | 51.99 | OK | |
r-release-macos-arm64 | 1.8.6 | 89.00 | NOTE | |||
r-release-macos-x86_64 | 1.8.6 | 145.00 | NOTE | |||
r-release-windows-x86_64 | 1.8.6 | 4.00 | 98.00 | 102.00 | OK | |
r-oldrel-macos-arm64 | 1.8.6 | 84.00 | NOTE | |||
r-oldrel-macos-x86_64 | 1.8.6 | 118.00 | NOTE | |||
r-oldrel-windows-x86_64 | 1.8.6 | 4.00 | 103.00 | 107.00 | OK |
Version: 1.8.6
Check: package dependencies
Result: NOTE
Package suggested but not available for checking: ‘doMPI’
Flavors: r-release-macos-arm64, r-release-macos-x86_64, r-oldrel-macos-arm64, r-oldrel-macos-x86_64
Version: 1.8.6
Check: Rd cross-references
Result: NOTE
Package unavailable to check Rd xrefs: ‘doMPI’
Flavors: r-release-macos-arm64, r-release-macos-x86_64, r-oldrel-macos-arm64, r-oldrel-macos-x86_64