CRAN Package Check Results for Package doSNOW

Last updated on 2024-05-29 00:54:23 CEST.

Flavor Version Tinstall Tcheck Ttotal Status Flags
r-devel-linux-x86_64-debian-clang 1.0.20 2.67 24.75 27.42 NOTE
r-devel-linux-x86_64-debian-gcc 1.0.20 1.97 19.16 21.13 NOTE
r-devel-linux-x86_64-fedora-clang 1.0.20 33.86 OK
r-devel-linux-x86_64-fedora-gcc 1.0.20 32.31 OK
r-devel-windows-x86_64 1.0.20 4.00 41.00 45.00 OK
r-patched-linux-x86_64 1.0.20 2.63 23.98 26.61 NOTE
r-release-linux-x86_64 1.0.20 2.18 23.39 25.57 NOTE
r-release-macos-arm64 1.0.20 16.00 OK
r-release-windows-x86_64 1.0.20 3.00 42.00 45.00 OK
r-oldrel-macos-arm64 1.0.20 16.00 OK
r-oldrel-macos-x86_64 1.0.20 22.00 OK
r-oldrel-windows-x86_64 1.0.20 4.00 45.00 49.00 OK

Check Details

Version: 1.0.20
Check: R code for possible problems
Result: NOTE Found the following calls to attach(): File ‘doSNOW/R/doSNOW.R’: attach(exportEnv) See section ‘Good practice’ in ‘?attach’. Flavors: r-devel-linux-x86_64-debian-clang, r-devel-linux-x86_64-debian-gcc, r-patched-linux-x86_64, r-release-linux-x86_64