CRAN Package Check Results for Package dobin

Last updated on 2022-01-28 00:48:52 CET.

Flavor Version Tinstall Tcheck Ttotal Status Flags
r-devel-linux-x86_64-debian-clang 1.0.2 1.60 67.25 68.85 NOTE
r-devel-linux-x86_64-debian-gcc 1.0.2 1.64 51.79 53.43 NOTE
r-devel-linux-x86_64-fedora-clang 1.0.2 82.55 NOTE
r-devel-linux-x86_64-fedora-gcc 1.0.2 71.79 NOTE
r-devel-windows-x86_64-new-UL 1.0.2 22.00 86.00 108.00 NOTE
r-devel-windows-x86_64-new-TK 1.0.2 WARN
r-patched-linux-x86_64 1.0.2 1.58 63.51 65.09 NOTE
r-release-linux-x86_64 1.0.2 1.86 62.67 64.53 NOTE
r-release-macos-arm64 1.0.2 NOTE
r-release-macos-x86_64 1.0.2 NOTE
r-release-windows-ix86+x86_64 1.0.2 5.00 78.00 83.00 NOTE
r-oldrel-macos-x86_64 1.0.2 OK
r-oldrel-windows-ix86+x86_64 1.0.2 6.00 80.00 86.00 OK

Check Details

Version: 1.0.2
Check: LazyData
Result: NOTE
     'LazyData' is specified without a 'data' directory
Flavors: r-devel-linux-x86_64-debian-clang, r-devel-linux-x86_64-debian-gcc, r-devel-linux-x86_64-fedora-clang, r-devel-linux-x86_64-fedora-gcc, r-devel-windows-x86_64-new-UL, r-devel-windows-x86_64-new-TK, r-patched-linux-x86_64, r-release-linux-x86_64, r-release-macos-arm64, r-release-macos-x86_64, r-release-windows-ix86+x86_64

Version: 1.0.2
Check: package dependencies
Result: NOTE
    Package suggested but not available for checking: 'OutliersO3'
Flavor: r-devel-windows-x86_64-new-TK

Version: 1.0.2
Check: re-building of vignette outputs
Result: WARN
    Error(s) in re-building vignettes:
    --- re-building 'dobin.Rmd' using rmarkdown
    Quitting from lines 22-34 (dobin.Rmd)
    Error: processing vignette 'dobin.Rmd' failed with diagnostics:
    Package OutliersO3 is needed for the vignette. Please install it.
    --- failed re-building 'dobin.Rmd'
    
    SUMMARY: processing the following file failed:
     'dobin.Rmd'
    
    Error: Vignette re-building failed.
    Execution halted
Flavor: r-devel-windows-x86_64-new-TK