CRAN Package Check Results for Package docxtractr

Last updated on 2021-10-24 00:50:55 CEST.

Flavor Version Tinstall Tcheck Ttotal Status Flags
r-devel-linux-x86_64-debian-clang 0.6.5 4.12 45.36 49.48 NOTE
r-devel-linux-x86_64-debian-gcc 0.6.5 3.11 34.05 37.16 NOTE
r-devel-linux-x86_64-fedora-clang 0.6.5 71.10 NOTE
r-devel-linux-x86_64-fedora-gcc 0.6.5 57.59 NOTE
r-devel-windows-x86_64 0.6.5 9.00 69.00 78.00 NOTE
r-devel-windows-x86_64-gcc10-UCRT 0.6.5 NOTE
r-patched-linux-x86_64 0.6.5 3.84 41.98 45.82 NOTE
r-patched-solaris-x86 0.6.5 87.10 NOTE
r-release-linux-x86_64 0.6.5 4.44 42.13 46.57 NOTE
r-release-macos-arm64 0.6.5 NOTE
r-release-macos-x86_64 0.6.5 NOTE
r-release-windows-ix86+x86_64 0.6.5 8.00 63.00 71.00 NOTE
r-oldrel-macos-x86_64 0.6.5 OK
r-oldrel-windows-ix86+x86_64 0.6.5 13.00 65.00 78.00 OK

Check Details

Version: 0.6.5
Check: LazyData
Result: NOTE
     'LazyData' is specified without a 'data' directory
Flavors: r-devel-linux-x86_64-debian-clang, r-devel-linux-x86_64-debian-gcc, r-devel-linux-x86_64-fedora-clang, r-devel-linux-x86_64-fedora-gcc, r-devel-windows-x86_64, r-devel-windows-x86_64-gcc10-UCRT, r-patched-linux-x86_64, r-patched-solaris-x86, r-release-linux-x86_64, r-release-macos-arm64, r-release-macos-x86_64, r-release-windows-ix86+x86_64