CRAN Package Check Results for Package dosedesignR

Last updated on 2023-10-05 01:01:42 CEST.

Flavor Version Tinstall Tcheck Ttotal Status Flags
r-devel-linux-x86_64-debian-clang 0.3.0 3.87 31.09 34.96 OK
r-devel-linux-x86_64-debian-gcc 0.3.0 2.89 24.03 26.92 OK
r-devel-linux-x86_64-fedora-clang 0.3.0 42.86 NOTE
r-devel-linux-x86_64-fedora-gcc 0.3.0 56.53 NOTE
r-devel-windows-x86_64 0.3.0 6.00 48.00 54.00 OK
r-patched-linux-x86_64 0.3.0 2.57 29.71 32.28 OK
r-release-linux-x86_64 0.3.0 3.25 30.73 33.98 OK
r-release-macos-arm64 0.3.0 24.00 OK
r-release-macos-x86_64 0.3.0 34.00 OK
r-release-windows-x86_64 0.3.0 7.00 49.00 56.00 OK
r-oldrel-macos-arm64 0.3.0 20.00 OK
r-oldrel-macos-x86_64 0.3.0 30.00 OK
r-oldrel-windows-x86_64 0.3.0 6.00 58.00 64.00 OK

Check Details

Version: 0.3.0
Check: dependencies in R code
Result: NOTE
    Namespaces in Imports field not imported from:
     ‘DT’ ‘DoseFinding’ ‘Rsolnp’ ‘ggplot2’ ‘kableExtra’ ‘knitr’
     ‘latticeExtra’ ‘purrr’ ‘readxl’ ‘shinyBS’ ‘shinyWidgets’ ‘shinyjs’
     ‘stringr’ ‘utils’
     All declared Imports should be used.
Flavors: r-devel-linux-x86_64-fedora-clang, r-devel-linux-x86_64-fedora-gcc