CRAN Package Check Results for Package dotsViolin

Last updated on 2024-06-14 00:53:40 CEST.

Flavor Version Tinstall Tcheck Ttotal Status Flags
r-devel-linux-x86_64-debian-clang 0.0.1 7.58 63.25 70.83 OK
r-devel-linux-x86_64-debian-gcc 0.0.1 0.36 1.71 2.07 ERROR
r-devel-linux-x86_64-fedora-clang 0.0.1 86.38 NOTE
r-devel-linux-x86_64-fedora-gcc 0.0.1 79.95 NOTE
r-devel-windows-x86_64 0.0.1 6.00 65.00 71.00 OK
r-patched-linux-x86_64 0.0.1 7.55 60.96 68.51 OK
r-release-linux-x86_64 0.0.1 4.85 59.65 64.50 OK
r-release-macos-arm64 0.0.1 29.00 OK
r-release-macos-x86_64 0.0.1 42.00 OK
r-release-windows-x86_64 0.0.1 9.00 67.00 76.00 OK
r-oldrel-macos-arm64 0.0.1 32.00 OK
r-oldrel-macos-x86_64 0.0.1 57.00 OK
r-oldrel-windows-x86_64 0.0.1 8.00 76.00 84.00 OK

Check Details

Version: 0.0.1
Check: package dependencies
Result: ERROR Packages required but not available: 'tidyr', 'stringr', 'dplyr', 'ggplot2', 'tidyselect' See section ‘The DESCRIPTION file’ in the ‘Writing R Extensions’ manual. Flavor: r-devel-linux-x86_64-debian-gcc

Version: 0.0.1
Check: data for non-ASCII characters
Result: NOTE Note: found 2 marked UTF-8 strings Flavors: r-devel-linux-x86_64-fedora-clang, r-devel-linux-x86_64-fedora-gcc