Last updated on 2023-03-23 00:51:08 CET.
Flavor | Version | Tinstall | Tcheck | Ttotal | Status | Flags |
---|---|---|---|---|---|---|
r-devel-linux-x86_64-debian-clang | 0.7.4 | 7.94 | 162.78 | 170.72 | NOTE | |
r-devel-linux-x86_64-debian-gcc | 0.7.4 | 5.79 | 120.91 | 126.70 | NOTE | |
r-devel-linux-x86_64-fedora-clang | 0.7.4 | 217.59 | NOTE | |||
r-devel-linux-x86_64-fedora-gcc | 0.7.4 | 222.26 | NOTE | |||
r-devel-windows-x86_64 | 0.7.4 | 32.00 | 177.00 | 209.00 | OK | |
r-patched-linux-x86_64 | 0.7.4 | 10.98 | 155.51 | 166.49 | NOTE | |
r-release-linux-x86_64 | 0.7.4 | 8.23 | 154.13 | 162.36 | NOTE | |
r-release-macos-arm64 | 0.7.4 | 55.00 | OK | |||
r-release-macos-x86_64 | 0.7.4 | 112.00 | OK | |||
r-release-windows-x86_64 | 0.7.4 | 37.00 | 202.00 | 239.00 | OK | |
r-oldrel-macos-arm64 | 0.7.4 | 87.00 | OK | |||
r-oldrel-macos-x86_64 | 0.7.4 | 78.00 | OK | |||
r-oldrel-windows-ix86+x86_64 | 0.7.4 | 27.00 | 172.00 | 199.00 | OK |
Version: 0.7.4
Check: Rd cross-references
Result: NOTE
Unknown package ‘broomExtra’ in Rd xrefs
Flavors: r-devel-linux-x86_64-debian-clang, r-devel-linux-x86_64-debian-gcc, r-devel-linux-x86_64-fedora-gcc, r-patched-linux-x86_64, r-release-linux-x86_64
Version: 0.7.4
Check: Rd cross-references
Result: NOTE
Undeclared package ‘broomExtra’ in Rd xrefs
Unknown package ‘broomExtra’ in Rd xrefs
Flavor: r-devel-linux-x86_64-fedora-clang