CRAN Package Check Results for Package doubt

Last updated on 2021-10-25 00:49:09 CEST.

Flavor Version Tinstall Tcheck Ttotal Status Flags
r-devel-linux-x86_64-debian-clang 0.1.0 1.98 24.10 26.08 NOTE
r-devel-linux-x86_64-debian-gcc 0.1.0 1.57 19.19 20.76 NOTE
r-devel-linux-x86_64-fedora-clang 0.1.0 42.58 NOTE
r-devel-linux-x86_64-fedora-gcc 0.1.0 32.25 NOTE
r-devel-windows-x86_64 0.1.0 4.00 43.00 47.00 NOTE
r-devel-windows-x86_64-gcc10-UCRT 0.1.0 NOTE
r-patched-linux-x86_64 0.1.0 1.87 23.86 25.73 NOTE
r-patched-solaris-x86 0.1.0 52.40 NOTE
r-release-linux-x86_64 0.1.0 1.81 23.50 25.31 NOTE
r-release-macos-arm64 0.1.0 NOTE
r-release-macos-x86_64 0.1.0 NOTE
r-release-windows-ix86+x86_64 0.1.0 4.00 41.00 45.00 NOTE
r-oldrel-macos-x86_64 0.1.0 OK
r-oldrel-windows-ix86+x86_64 0.1.0 4.00 41.00 45.00 OK

Check Details

Version: 0.1.0
Check: LazyData
Result: NOTE
     'LazyData' is specified without a 'data' directory
Flavors: r-devel-linux-x86_64-debian-clang, r-devel-linux-x86_64-debian-gcc, r-devel-linux-x86_64-fedora-clang, r-devel-linux-x86_64-fedora-gcc, r-devel-windows-x86_64, r-devel-windows-x86_64-gcc10-UCRT, r-patched-linux-x86_64, r-patched-solaris-x86, r-release-linux-x86_64, r-release-macos-arm64, r-release-macos-x86_64, r-release-windows-ix86+x86_64