CRAN Package Check Results for Package dplyr

Last updated on 2021-09-16 07:49:52 CEST.

Flavor Version Tinstall Tcheck Ttotal Status Flags
r-devel-linux-x86_64-debian-clang 1.0.7 19.36 175.56 194.92 OK
r-devel-linux-x86_64-debian-gcc 1.0.7 15.12 128.82 143.94 OK
r-devel-linux-x86_64-fedora-clang 1.0.7 235.42 NOTE
r-devel-linux-x86_64-fedora-gcc 1.0.7 222.62 NOTE
r-devel-windows-x86_64 1.0.7 26.00 239.00 265.00 OK
r-devel-windows-x86_64-gcc10-UCRT 1.0.7 NOTE
r-patched-linux-x86_64 1.0.7 23.66 177.42 201.08 OK
r-patched-solaris-x86 1.0.7 310.10 NOTE
r-release-linux-x86_64 1.0.7 19.03 176.69 195.72 OK
r-release-macos-arm64 1.0.7 NOTE
r-release-macos-x86_64 1.0.7 NOTE
r-release-windows-ix86+x86_64 1.0.7 2.00 7.00 9.00 ERROR
r-oldrel-macos-x86_64 1.0.7 NOTE
r-oldrel-windows-ix86+x86_64 1.0.7 35.00 302.00 337.00 OK

Check Details

Version: 1.0.7
Check: data for non-ASCII characters
Result: NOTE
     Note: found 4 marked UTF-8 strings
Flavors: r-devel-linux-x86_64-fedora-clang, r-devel-linux-x86_64-fedora-gcc, r-devel-windows-x86_64-gcc10-UCRT, r-patched-solaris-x86, r-release-macos-arm64, r-release-macos-x86_64, r-oldrel-macos-x86_64

Version: 1.0.7
Check: whether package can be installed
Result: ERROR
    Installation failed.
Flavor: r-release-windows-ix86+x86_64