CRAN Package Check Results for Package dplyr.teradata

Last updated on 2021-10-27 00:51:02 CEST.

Flavor Version Tinstall Tcheck Ttotal Status Flags
r-devel-linux-x86_64-debian-clang 0.4.1 8.02 64.65 72.67 NOTE
r-devel-linux-x86_64-debian-gcc 0.4.1 6.48 48.71 55.19 NOTE
r-devel-linux-x86_64-fedora-clang 0.4.1 96.49 NOTE
r-devel-linux-x86_64-fedora-gcc 0.4.1 86.09 NOTE
r-devel-windows-x86_64 0.4.1 14.00 89.00 103.00 NOTE
r-devel-windows-x86_64-gcc10-UCRT 0.4.1 NOTE
r-patched-linux-x86_64 0.4.1 11.75 60.38 72.13 NOTE
r-patched-solaris-x86 0.4.1 117.50 NOTE
r-release-linux-x86_64 0.4.1 7.35 60.55 67.90 NOTE
r-release-macos-arm64 0.4.1 NOTE
r-release-macos-x86_64 0.4.1 NOTE
r-release-windows-ix86+x86_64 0.4.1 14.00 84.00 98.00 NOTE
r-oldrel-macos-x86_64 0.4.1 OK
r-oldrel-windows-ix86+x86_64 0.4.1 19.00 88.00 107.00 OK

Check Details

Version: 0.4.1
Check: LazyData
Result: NOTE
     'LazyData' is specified without a 'data' directory
Flavors: r-devel-linux-x86_64-debian-clang, r-devel-linux-x86_64-debian-gcc, r-devel-linux-x86_64-fedora-clang, r-devel-linux-x86_64-fedora-gcc, r-devel-windows-x86_64, r-devel-windows-x86_64-gcc10-UCRT, r-patched-linux-x86_64, r-patched-solaris-x86, r-release-linux-x86_64, r-release-macos-arm64, r-release-macos-x86_64, r-release-windows-ix86+x86_64