CRAN Package Check Results for Package dpmr

Last updated on 2024-07-20 00:56:45 CEST.

Flavor Version Tinstall Tcheck Ttotal Status Flags
r-devel-linux-x86_64-debian-clang 0.1.9 2.96 27.05 30.01 OK
r-devel-linux-x86_64-debian-gcc 0.1.9 1.93 21.20 23.13 OK
r-devel-linux-x86_64-fedora-clang 0.1.9 39.34 OK
r-devel-linux-x86_64-fedora-gcc 0.1.9 35.87 OK
r-devel-windows-x86_64 0.1.9 4.00 49.00 53.00 NOTE
r-patched-linux-x86_64 0.1.9 12.78 25.61 38.39 OK
r-release-linux-x86_64 0.1.9 1.64 26.21 27.85 OK
r-release-macos-arm64 0.1.9 17.00 OK
r-release-macos-x86_64 0.1.9 24.00 OK
r-release-windows-x86_64 0.1.9 3.00 49.00 52.00 OK
r-oldrel-macos-arm64 0.1.9 26.00 OK
r-oldrel-macos-x86_64 0.1.9 39.00 OK
r-oldrel-windows-x86_64 0.1.9 4.00 47.00 51.00 OK

Check Details

Version: 0.1.9
Check: Rd cross-references
Result: NOTE Found the following Rd file(s) with Rd \link{} targets missing package anchors: datapackage_init.Rd: toJSON, export datapackage_install.Rd: import Please provide package anchors for all Rd \link{} targets not in the package itself and the base packages. Flavor: r-devel-windows-x86_64