CRAN Package Check Results for Package dqrng

Last updated on 2021-10-21 00:49:42 CEST.

Flavor Version Tinstall Tcheck Ttotal Status Flags
r-devel-linux-x86_64-debian-clang 0.3.0 24.07 133.50 157.57 OK
r-devel-linux-x86_64-debian-gcc 0.3.0 18.43 105.23 123.66 OK
r-devel-linux-x86_64-fedora-clang 0.3.0 220.52 NOTE
r-devel-linux-x86_64-fedora-gcc 0.3.0 187.70 OK
r-devel-windows-x86_64 0.3.0 38.00 179.00 217.00 OK
r-devel-windows-x86_64-gcc10-UCRT 0.3.0 OK
r-patched-linux-x86_64 0.3.0 22.99 121.25 144.24 OK
r-patched-solaris-x86 0.3.0 103.30 OK
r-release-linux-x86_64 0.3.0 22.67 121.86 144.53 OK
r-release-macos-arm64 0.3.0 OK
r-release-macos-x86_64 0.3.0 OK
r-release-windows-ix86+x86_64 0.3.0 56.00 228.00 284.00 OK
r-oldrel-macos-x86_64 0.3.0 OK
r-oldrel-windows-ix86+x86_64 0.3.0 73.00 236.00 309.00 OK

Check Details

Version: 0.3.0
Check: Rd cross-references
Result: NOTE
    Undeclared package ‘sitmo’ in Rd xrefs
Flavor: r-devel-linux-x86_64-fedora-clang