CRAN Package Check Results for Package drawer

Last updated on 2021-10-20 00:49:37 CEST.

Flavor Version Tinstall Tcheck Ttotal Status Flags
r-devel-linux-x86_64-debian-clang 0.1.0 3.43 33.45 36.88 NOTE
r-devel-linux-x86_64-debian-gcc 0.1.0 3.09 26.19 29.28 NOTE
r-devel-linux-x86_64-fedora-clang 0.1.0 55.67 NOTE
r-devel-linux-x86_64-fedora-gcc 0.1.0 44.24 NOTE
r-devel-windows-x86_64 0.1.0 9.00 56.00 65.00 NOTE
r-devel-windows-x86_64-gcc10-UCRT 0.1.0 NOTE
r-patched-linux-x86_64 0.1.0 3.94 32.84 36.78 NOTE
r-patched-solaris-x86 0.1.0 71.70 NOTE
r-release-linux-x86_64 0.1.0 3.63 32.94 36.57 NOTE
r-release-macos-arm64 0.1.0 NOTE
r-release-macos-x86_64 0.1.0 NOTE
r-release-windows-ix86+x86_64 0.1.0 7.00 69.00 76.00 NOTE
r-oldrel-macos-x86_64 0.1.0 OK
r-oldrel-windows-ix86+x86_64 0.1.0 11.00 56.00 67.00 OK

Check Details

Version: 0.1.0
Check: LazyData
Result: NOTE
     'LazyData' is specified without a 'data' directory
Flavors: r-devel-linux-x86_64-debian-clang, r-devel-linux-x86_64-debian-gcc, r-devel-linux-x86_64-fedora-clang, r-devel-linux-x86_64-fedora-gcc, r-devel-windows-x86_64, r-devel-windows-x86_64-gcc10-UCRT, r-patched-linux-x86_64, r-patched-solaris-x86, r-release-linux-x86_64, r-release-macos-arm64, r-release-macos-x86_64, r-release-windows-ix86+x86_64