Last updated on 2023-06-04 00:54:29 CEST.
Flavor | Version | Tinstall | Tcheck | Ttotal | Status | Flags |
---|---|---|---|---|---|---|
r-devel-linux-x86_64-debian-clang | 1.1.0 | 119.39 | 77.18 | 196.57 | NOTE | |
r-devel-linux-x86_64-debian-gcc | 1.1.0 | 88.69 | 60.02 | 148.71 | NOTE | |
r-devel-linux-x86_64-fedora-clang | 1.1.0 | 316.66 | NOTE | |||
r-devel-linux-x86_64-fedora-gcc | 1.1.0 | 274.09 | NOTE | |||
r-devel-windows-x86_64 | 1.1.0 | 99.00 | 94.00 | 193.00 | NOTE | |
r-patched-linux-x86_64 | 1.1.0 | NOTE | ||||
r-release-linux-x86_64 | 1.1.0 | 94.86 | 74.09 | 168.95 | NOTE | |
r-release-macos-arm64 | 1.1.0 | 78.00 | NOTE | |||
r-release-macos-x86_64 | 1.1.0 | 125.00 | NOTE | |||
r-release-windows-x86_64 | 1.1.0 | 122.00 | 114.00 | 236.00 | NOTE | |
r-oldrel-macos-arm64 | 1.1.0 | 69.00 | NOTE | |||
r-oldrel-macos-x86_64 | 1.1.0 | 89.00 | NOTE | |||
r-oldrel-windows-x86_64 | 1.1.0 | 120.00 | 114.00 | 234.00 | NOTE |
Version: 1.1.0
Check: C++ specification
Result: NOTE
Specified C++11: please drop specification unless essential
Flavors: r-devel-linux-x86_64-debian-clang, r-devel-linux-x86_64-debian-gcc, r-devel-linux-x86_64-fedora-clang, r-devel-linux-x86_64-fedora-gcc, r-devel-windows-x86_64, r-patched-linux-x86_64, r-release-linux-x86_64, r-release-macos-arm64, r-release-macos-x86_64, r-release-windows-x86_64
Version: 1.1.0
Check: for GNU extensions in Makefiles
Result: NOTE
GNU make is a SystemRequirements.
Flavors: r-devel-linux-x86_64-debian-clang, r-devel-linux-x86_64-debian-gcc, r-devel-linux-x86_64-fedora-clang, r-devel-linux-x86_64-fedora-gcc, r-devel-windows-x86_64, r-patched-linux-x86_64, r-release-linux-x86_64, r-release-macos-arm64, r-release-macos-x86_64, r-release-windows-x86_64, r-oldrel-macos-arm64, r-oldrel-macos-x86_64, r-oldrel-windows-x86_64
Version: 1.1.0
Check: installed package size
Result: NOTE
installed size is 6.7Mb
sub-directories of 1Mb or more:
libs 6.5Mb
Flavors: r-release-macos-arm64, r-release-macos-x86_64, r-oldrel-macos-arm64, r-oldrel-macos-x86_64