CRAN Package Check Results for Package driveR

Last updated on 2021-10-23 00:48:51 CEST.

Flavor Version Tinstall Tcheck Ttotal Status Flags
r-devel-linux-x86_64-debian-clang 0.2.1 12.65 163.92 176.57 OK
r-devel-linux-x86_64-debian-gcc 0.2.1 11.03 122.15 133.18 OK
r-devel-linux-x86_64-fedora-clang 0.2.1 222.78 NOTE
r-devel-linux-x86_64-fedora-gcc 0.2.1 206.99 OK
r-devel-windows-x86_64 0.2.1 22.00 199.00 221.00 NOTE
r-devel-windows-x86_64-gcc10-UCRT 0.2.1 OK
r-patched-linux-x86_64 0.2.1 12.56 153.79 166.35 OK
r-patched-solaris-x86 0.2.1 299.40 NOTE
r-release-linux-x86_64 0.2.1 10.94 155.90 166.84 OK
r-release-macos-arm64 0.2.1 NOTE
r-release-macos-x86_64 0.2.1 ERROR
r-release-windows-ix86+x86_64 0.2.1 19.00 199.00 218.00 NOTE
r-oldrel-macos-x86_64 0.2.1 NOTE
r-oldrel-windows-ix86+x86_64 0.2.1 30.00 197.00 227.00 NOTE

Check Details

Version: 0.2.1
Check: installed package size
Result: NOTE
     installed size is 5.5Mb
     sub-directories of 1Mb or more:
     data 1.7Mb
     extdata 3.2Mb
Flavors: r-devel-linux-x86_64-fedora-clang, r-devel-windows-x86_64, r-patched-solaris-x86, r-release-macos-arm64, r-release-windows-ix86+x86_64, r-oldrel-macos-x86_64, r-oldrel-windows-ix86+x86_64

Version: 0.2.1
Check: package dependencies
Result: ERROR
    Packages required but not available:
     'TxDb.Hsapiens.UCSC.hg19.knownGene', 'org.Hs.eg.db'
    
    See section ‘The DESCRIPTION file’ in the ‘Writing R Extensions’
    manual.
Flavor: r-release-macos-x86_64