CRAN Package Check Results for Package drumr

Last updated on 2021-10-25 00:49:09 CEST.

Flavor Version Tinstall Tcheck Ttotal Status Flags
r-devel-linux-x86_64-debian-clang 0.1.0 2.65 20.44 23.09 NOTE
r-devel-linux-x86_64-debian-gcc 0.1.0 1.93 15.86 17.79 NOTE
r-devel-linux-x86_64-fedora-clang 0.1.0 38.07 NOTE
r-devel-linux-x86_64-fedora-gcc 0.1.0 27.15 NOTE
r-devel-windows-x86_64 0.1.0 5.00 33.00 38.00 NOTE
r-devel-windows-x86_64-gcc10-UCRT 0.1.0 NOTE
r-patched-linux-x86_64 0.1.0 2.54 19.35 21.89 NOTE
r-patched-solaris-x86 0.1.0 48.10 NOTE
r-release-linux-x86_64 0.1.0 2.38 19.37 21.75 NOTE
r-release-macos-arm64 0.1.0 NOTE
r-release-macos-x86_64 0.1.0 NOTE
r-release-windows-ix86+x86_64 0.1.0 6.00 36.00 42.00 NOTE
r-oldrel-macos-x86_64 0.1.0 OK
r-oldrel-windows-ix86+x86_64 0.1.0 9.00 39.00 48.00 OK

Check Details

Version: 0.1.0
Check: LazyData
Result: NOTE
     'LazyData' is specified without a 'data' directory
Flavors: r-devel-linux-x86_64-debian-clang, r-devel-linux-x86_64-debian-gcc, r-devel-linux-x86_64-fedora-clang, r-devel-linux-x86_64-fedora-gcc, r-devel-windows-x86_64, r-devel-windows-x86_64-gcc10-UCRT, r-patched-linux-x86_64, r-patched-solaris-x86, r-release-linux-x86_64, r-release-macos-arm64, r-release-macos-x86_64, r-release-windows-ix86+x86_64