CRAN Package Check Results for Package dslabs

Last updated on 2021-10-28 00:48:43 CEST.

Flavor Version Tinstall Tcheck Ttotal Status Flags
r-devel-linux-x86_64-debian-clang 0.7.4 4.65 28.02 32.67 OK
r-devel-linux-x86_64-debian-gcc 0.7.4 3.87 22.03 25.90 OK
r-devel-linux-x86_64-fedora-clang 0.7.4 50.40 NOTE
r-devel-linux-x86_64-fedora-gcc 0.7.4 39.51 NOTE
r-devel-windows-x86_64 0.7.4 8.00 48.00 56.00 OK
r-devel-windows-x86_64-gcc10-UCRT 0.7.4 NOTE
r-patched-linux-x86_64 0.7.4 4.94 26.80 31.74 OK
r-patched-solaris-x86 0.7.4 61.20 NOTE
r-release-linux-x86_64 0.7.4 4.46 26.53 30.99 OK
r-release-macos-arm64 0.7.4 NOTE
r-release-macos-x86_64 0.7.4 NOTE
r-release-windows-ix86+x86_64 0.7.4 8.00 46.00 54.00 OK
r-oldrel-macos-x86_64 0.7.4 NOTE
r-oldrel-windows-ix86+x86_64 0.7.4 7.00 49.00 56.00 OK

Check Details

Version: 0.7.4
Check: data for non-ASCII characters
Result: NOTE
     Note: found 4891 marked UTF-8 strings
Flavors: r-devel-linux-x86_64-fedora-clang, r-devel-linux-x86_64-fedora-gcc, r-devel-windows-x86_64-gcc10-UCRT, r-patched-solaris-x86, r-release-macos-arm64, r-release-macos-x86_64, r-oldrel-macos-x86_64

Version: 0.7.4
Check: installed package size
Result: NOTE
     installed size is 5.0Mb
     sub-directories of 1Mb or more:
     data 4.0Mb
Flavor: r-patched-solaris-x86