CRAN Package Check Results for Package dynaSpec

Last updated on 2024-06-19 00:49:27 CEST.

Flavor Version Tinstall Tcheck Ttotal Status Flags
r-devel-linux-x86_64-debian-clang 1.0.1 5.03 31.78 36.81 OK
r-devel-linux-x86_64-debian-gcc 1.0.1 3.45 23.52 26.97 OK
r-devel-linux-x86_64-fedora-clang 1.0.1 44.70 NOTE
r-devel-linux-x86_64-fedora-gcc 1.0.1 44.63 NOTE
r-devel-windows-x86_64 1.0.1 5.00 44.00 49.00 OK
r-patched-linux-x86_64 1.0.1 4.73 29.34 34.07 OK
r-release-linux-x86_64 1.0.1 2.91 30.18 33.09 OK
r-release-macos-arm64 1.0.1 18.00 OK
r-release-macos-x86_64 1.0.1 25.00 OK
r-release-windows-x86_64 1.0.1 5.00 44.00 49.00 OK
r-oldrel-macos-arm64 1.0.1 18.00 OK
r-oldrel-macos-x86_64 1.0.1 29.00 NOTE
r-oldrel-windows-x86_64 1.0.1 7.00 47.00 54.00 OK

Check Details

Version: 1.0.1
Check: dependencies in R code
Result: NOTE Namespaces in Imports field not imported from: ‘NatureSounds’ ‘av’ ‘magrittr’ ‘stats’ All declared Imports should be used. Flavors: r-devel-linux-x86_64-fedora-clang, r-devel-linux-x86_64-fedora-gcc

Version: 1.0.1
Check: Rd cross-references
Result: NOTE Undeclared package ‘warbleR’ in Rd xrefs Flavor: r-devel-linux-x86_64-fedora-clang

Version: 1.0.1
Check: Rd cross-references
Result: NOTE Package unavailable to check Rd xrefs: ‘warbleR’ Flavor: r-oldrel-macos-x86_64