CRAN Package Check Results for Package dynr

Last updated on 2023-05-29 00:59:32 CEST.

Flavor Version Tinstall Tcheck Ttotal Status Flags
r-devel-linux-x86_64-debian-clang 0.1.16-91 39.02 238.71 277.73 OK
r-devel-linux-x86_64-debian-gcc 0.1.16-91 31.09 181.60 212.69 OK
r-devel-linux-x86_64-fedora-clang 0.1.16-91 367.59 NOTE
r-devel-linux-x86_64-fedora-gcc 0.1.16-91 365.12 OK
r-devel-windows-x86_64 0.1.16-91 57.00 233.00 290.00 NOTE
r-patched-linux-x86_64 0.1.16-91 40.69 228.92 269.61 OK
r-release-linux-x86_64 0.1.16-91 29.90 230.05 259.95 OK
r-release-macos-arm64 0.1.16-91 134.00 NOTE
r-release-macos-x86_64 0.1.16-91 142.00 NOTE
r-release-windows-x86_64 0.1.16-91 68.00 252.00 320.00 NOTE
r-oldrel-macos-arm64 0.1.16-91 85.00 NOTE
r-oldrel-macos-x86_64 0.1.16-91 123.00 NOTE
r-oldrel-windows-x86_64 0.1.16-91 54.00 258.00 312.00 NOTE

Check Details

Version: 0.1.16-91
Check: installed package size
Result: NOTE
     installed size is 5.4Mb
     sub-directories of 1Mb or more:
     data 2.5Mb
     doc 1.5Mb
Flavors: r-devel-linux-x86_64-fedora-clang, r-devel-windows-x86_64, r-release-macos-arm64, r-release-macos-x86_64, r-release-windows-x86_64, r-oldrel-macos-arm64, r-oldrel-macos-x86_64, r-oldrel-windows-x86_64

Version: 0.1.16-91
Check: re-building of vignette outputs
Result: NOTE
    Error(s) in re-building vignettes:
    --- re-building ‘linearSDE.Rmd’ using rmarkdown
    Pandoc is required to build R Markdown vignettes but not available. Please make sure it is installed.
    --- finished re-building ‘linearSDE.Rmd’
    
    --- re-building ‘InstallationForDevelopers.Rnw’ using Sweave
    Error: processing vignette 'InstallationForDevelopers.Rnw' failed with diagnostics:
    Running 'texi2dvi' on 'InstallationForDevelopers.tex' failed.
    LaTeX errors:
    ! LaTeX Error: File `menukeys.sty' not found.
    
    Type X to quit or <RETURN> to proceed,
    or enter new name. (Default extension: sty)
    
    ! Emergency stop.
    <read *>
    
    l.7 \usepackage
     {graphicx}^^M
    ! ==> Fatal error occurred, no output PDF file produced!
    --- failed re-building ‘InstallationForDevelopers.Rnw’
    
    --- re-building ‘InstallationForUsers.Rnw’ using Sweave
    Error: processing vignette 'InstallationForUsers.Rnw' failed with diagnostics:
    Running 'texi2dvi' on 'InstallationForUsers.tex' failed.
    LaTeX errors:
    ! LaTeX Error: File `menukeys.sty' not found.
    
    Type X to quit or <RETURN> to proceed,
    or enter new name. (Default extension: sty)
    
    ! Emergency stop.
    <read *>
    
    l.7 \usepackage
     {graphicx}^^M
    ! ==> Fatal error occurred, no output PDF file produced!
    --- failed re-building ‘InstallationForUsers.Rnw’
    
    --- re-building ‘LinearDiscreteTimeModels.Rnw’ using Sweave
    Error: processing vignette 'LinearDiscreteTimeModels.Rnw' failed with diagnostics:
    Running 'texi2dvi' on 'LinearDiscreteTimeModels.tex' failed.
    LaTeX errors:
    ! LaTeX Error: File `arydshln.sty' not found.
    
    Type X to quit or <RETURN> to proceed,
    or enter new name. (Default extension: sty)
    
    ! Emergency stop.
    <read *>
    
    l.9 \usepackage
     {bm}%bm^^M
    ! ==> Fatal error occurred, no output PDF file produced!
    --- failed re-building ‘LinearDiscreteTimeModels.Rnw’
    
    --- re-building ‘NonlinearContinuousTimeModels.Rnw’ using Sweave
    Error: processing vignette 'NonlinearContinuousTimeModels.Rnw' failed with diagnostics:
    Running 'texi2dvi' on 'NonlinearContinuousTimeModels.tex' failed.
    LaTeX errors:
    ! LaTeX Error: File `arydshln.sty' not found.
    
    Type X to quit or <RETURN> to proceed,
    or enter new name. (Default extension: sty)
    
    ! Emergency stop.
    <read *>
    
    l.9 \usepackage
     {bm}%bm^^M
    ! ==> Fatal error occurred, no output PDF file produced!
    --- failed re-building ‘NonlinearContinuousTimeModels.Rnw’
    
    SUMMARY: processing the following files failed:
     ‘InstallationForDevelopers.Rnw’ ‘InstallationForUsers.Rnw’
     ‘LinearDiscreteTimeModels.Rnw’ ‘NonlinearContinuousTimeModels.Rnw’
    
    Error: Vignette re-building failed.
    Execution halted
Flavor: r-release-macos-x86_64