CRAN Package Check Results for Package eDMA

Last updated on 2021-10-21 00:49:43 CEST.

Flavor Version Tinstall Tcheck Ttotal Status Flags
r-devel-linux-x86_64-debian-clang 1.5-3 105.63 34.21 139.84 OK
r-devel-linux-x86_64-debian-gcc 1.5-3 81.23 27.06 108.29 OK
r-devel-linux-x86_64-fedora-clang 1.5-3 241.37 NOTE
r-devel-linux-x86_64-fedora-gcc 1.5-3 203.35 OK
r-devel-windows-x86_64 1.5-3 148.00 81.00 229.00 OK
r-devel-windows-x86_64-gcc10-UCRT 1.5-3 OK
r-patched-linux-x86_64 1.5-3 106.13 33.68 139.81 OK
r-patched-solaris-x86 1.5-3 201.90 ERROR
r-release-linux-x86_64 1.5-3 106.66 33.64 140.30 OK
r-release-macos-arm64 1.5-3 NOTE
r-release-macos-x86_64 1.5-3 OK
r-release-windows-ix86+x86_64 1.5-3 222.00 82.00 304.00 OK
r-oldrel-macos-x86_64 1.5-3 OK
r-oldrel-windows-ix86+x86_64 1.5-3 300.00 82.00 382.00 OK

Check Details

Version: 1.5-3
Check: installed package size
Result: NOTE
     installed size is 5.4Mb
     sub-directories of 1Mb or more:
     libs 5.1Mb
Flavors: r-devel-linux-x86_64-fedora-clang, r-release-macos-arm64

Version: 1.5-3
Check: examples
Result: ERROR
    Running examples in ‘eDMA-Ex.R’ failed
    The error most likely occurred in:
    
    > ### Name: BacktestDMA
    > ### Title: Backtest measures for Dynamic Model Averaging and comparison
    > ### with Dynamic Model Selection
    > ### Aliases: BacktestDMA
    >
    > ### ** Examples
    >
    >
    > library(eDMA)
    >
    > ## load data
    > data("USData")
    >
    > ## do DMA, keep the first three predictors fixed and the intercept
    > Fit <- DMA(GDPDEF ~ Lag(GDPDEF, 1) + Lag(GDPDEF, 2) + Lag(GDPDEF, 3) +
    + Lag(ROUTP, 1) + Lag(UNEMP, 1), data = USData, vDelta = c(0.9, 0.95, 0.99),
    + vKeep = c(1, 2, 3))
    Error in funcEstimate_Eff_par(vY, mF, vDelta, dAlpha, vKeep, dBeta, bZellnerPrior, :
     sort(): detected NaN
    Calls: DMA -> funcEstimate_Eff_par
    Execution halted
Flavor: r-patched-solaris-x86