Last updated on 2023-06-02 01:00:24 CEST.
Flavor | Version | Tinstall | Tcheck | Ttotal | Status | Flags |
---|---|---|---|---|---|---|
r-devel-linux-x86_64-debian-clang | 0.0.5 | 5.68 | 72.02 | 77.70 | NOTE | |
r-devel-linux-x86_64-debian-gcc | 0.0.5 | 4.61 | 54.78 | 59.39 | NOTE | |
r-devel-linux-x86_64-fedora-clang | 0.0.5 | 101.32 | NOTE | |||
r-devel-linux-x86_64-fedora-gcc | 0.0.5 | 101.27 | NOTE | |||
r-devel-windows-x86_64 | 0.0.5 | 7.00 | 74.00 | 81.00 | NOTE | |
r-patched-linux-x86_64 | 0.0.5 | NOTE | ||||
r-release-linux-x86_64 | 0.0.5 | 4.07 | 67.34 | 71.41 | NOTE | |
r-release-macos-arm64 | 0.0.5 | 38.00 | NOTE | |||
r-release-macos-x86_64 | 0.0.5 | 54.00 | NOTE | |||
r-release-windows-x86_64 | 0.0.5 | 8.00 | 85.00 | 93.00 | NOTE | |
r-oldrel-macos-arm64 | 0.0.5 | 37.00 | NOTE | |||
r-oldrel-macos-x86_64 | 0.0.5 | 76.00 | NOTE | |||
r-oldrel-windows-x86_64 | 0.0.5 | 8.00 | 90.00 | 98.00 | NOTE |
Version: 0.0.5
Check: LazyData
Result: NOTE
'LazyData' is specified without a 'data' directory
Flavors: r-devel-linux-x86_64-debian-clang, r-devel-linux-x86_64-debian-gcc, r-devel-linux-x86_64-fedora-clang, r-devel-linux-x86_64-fedora-gcc, r-devel-windows-x86_64, r-patched-linux-x86_64, r-release-linux-x86_64, r-release-macos-arm64, r-release-macos-x86_64, r-release-windows-x86_64, r-oldrel-macos-arm64, r-oldrel-macos-x86_64, r-oldrel-windows-x86_64