Last updated on 2023-03-29 00:57:06 CEST.
Flavor | Version | Tinstall | Tcheck | Ttotal | Status | Flags |
---|---|---|---|---|---|---|
r-devel-linux-x86_64-debian-clang | 5.3.2 | 18.10 | 99.27 | 117.37 | OK | |
r-devel-linux-x86_64-debian-gcc | 5.3.2 | 16.46 | 73.97 | 90.43 | OK | |
r-devel-linux-x86_64-fedora-clang | 5.3.2 | 146.80 | NOTE | |||
r-devel-linux-x86_64-fedora-gcc | 5.3.2 | 140.74 | OK | |||
r-devel-windows-x86_64 | 5.3.2 | 139.00 | 0.00 | 139.00 | OK | |
r-patched-linux-x86_64 | 5.3.2 | 21.09 | 94.98 | 116.07 | OK | |
r-release-linux-x86_64 | 5.3.2 | 15.26 | 91.16 | 106.42 | OK | |
r-release-macos-arm64 | 5.3.2 | 34.00 | OK | |||
r-release-macos-x86_64 | 5.3.2 | 53.00 | OK | |||
r-release-windows-x86_64 | 5.3.2 | 121.00 | 122.00 | 243.00 | OK | |
r-oldrel-macos-arm64 | 5.3.2 | 35.00 | OK | |||
r-oldrel-macos-x86_64 | 5.3.2 | 53.00 | OK | |||
r-oldrel-windows-ix86+x86_64 | 5.3.2 | 37.00 | 122.00 | 159.00 | OK |
Version: 5.3.2
Check: Rd cross-references
Result: NOTE
Undeclared package ‘leaps’ in Rd xrefs
Flavor: r-devel-linux-x86_64-fedora-clang