CRAN Package Check Results for Package earthtones

Last updated on 2021-10-20 00:49:37 CEST.

Flavor Version Tinstall Tcheck Ttotal Status Flags
r-devel-linux-x86_64-debian-clang 0.1.1 2.07 22.41 24.48 NOTE
r-devel-linux-x86_64-debian-gcc 0.1.1 1.66 17.44 19.10 NOTE
r-devel-linux-x86_64-fedora-clang 0.1.1 39.92 NOTE
r-devel-linux-x86_64-fedora-gcc 0.1.1 28.71 NOTE
r-devel-windows-x86_64 0.1.1 4.00 40.00 44.00 NOTE
r-devel-windows-x86_64-gcc10-UCRT 0.1.1 NOTE
r-patched-linux-x86_64 0.1.1 6.05 21.23 27.28 NOTE
r-patched-solaris-x86 0.1.1 47.20 NOTE
r-release-linux-x86_64 0.1.1 1.28 21.59 22.87 NOTE
r-release-macos-arm64 0.1.1 NOTE
r-release-macos-x86_64 0.1.1 NOTE
r-release-windows-ix86+x86_64 0.1.1 10.00 42.00 52.00 NOTE
r-oldrel-macos-x86_64 0.1.1 OK
r-oldrel-windows-ix86+x86_64 0.1.1 5.00 61.00 66.00 OK

Check Details

Version: 0.1.1
Check: LazyData
Result: NOTE
     'LazyData' is specified without a 'data' directory
Flavors: r-devel-linux-x86_64-debian-clang, r-devel-linux-x86_64-debian-gcc, r-devel-linux-x86_64-fedora-clang, r-devel-linux-x86_64-fedora-gcc, r-devel-windows-x86_64, r-devel-windows-x86_64-gcc10-UCRT, r-patched-linux-x86_64, r-patched-solaris-x86, r-release-linux-x86_64, r-release-macos-arm64, r-release-macos-x86_64, r-release-windows-ix86+x86_64