CRAN Package Check Results for Package easyalluvial

Last updated on 2021-10-20 00:49:37 CEST.

Flavor Version Tinstall Tcheck Ttotal Status Flags
r-devel-linux-x86_64-debian-clang 0.3.0 18.12 244.57 262.69 OK
r-devel-linux-x86_64-debian-gcc 0.3.0 14.09 178.50 192.59 OK
r-devel-linux-x86_64-fedora-clang 0.3.0 310.54 NOTE
r-devel-linux-x86_64-fedora-gcc 0.3.0 299.67 NOTE
r-devel-windows-x86_64 0.3.0 25.00 287.00 312.00 OK
r-devel-windows-x86_64-gcc10-UCRT 0.3.0 NOTE
r-patched-linux-x86_64 0.3.0 15.53 231.45 246.98 OK
r-patched-solaris-x86 0.3.0 348.90 NOTE
r-release-linux-x86_64 0.3.0 15.30 233.07 248.37 OK
r-release-macos-arm64 0.3.0 NOTE
r-release-macos-x86_64 0.3.0 NOTE
r-release-windows-ix86+x86_64 0.3.0 37.00 298.00 335.00 OK
r-oldrel-macos-x86_64 0.3.0 NOTE
r-oldrel-windows-ix86+x86_64 0.3.0 37.00 335.00 372.00 OK

Check Details

Version: 0.3.0
Check: dependencies in R code
Result: NOTE
    Namespace in Imports field not imported from: ‘progress’
     All declared Imports should be used.
Flavors: r-devel-linux-x86_64-fedora-clang, r-devel-linux-x86_64-fedora-gcc, r-devel-windows-x86_64-gcc10-UCRT, r-patched-solaris-x86, r-release-macos-arm64, r-release-macos-x86_64, r-oldrel-macos-x86_64