CRAN Package Check Results for Package ebTobit

Last updated on 2024-02-23 00:59:27 CET.

Flavor Version Tinstall Tcheck Ttotal Status Flags
r-devel-linux-x86_64-debian-clang 1.0.1 WARN
r-devel-linux-x86_64-debian-gcc 1.0.1 32.88 25.54 58.42 OK
r-devel-linux-x86_64-fedora-clang 1.0.1 110.31 OK
r-devel-linux-x86_64-fedora-gcc 1.0.1 106.37 OK
r-devel-windows-x86_64 1.0.1 34.00 67.00 101.00 OK
r-patched-linux-x86_64 1.0.1 49.58 32.83 82.41 OK
r-release-linux-x86_64 1.0.1 44.15 32.42 76.57 OK
r-release-macos-arm64 1.0.1 29.00 OK
r-release-macos-x86_64 1.0.1 70.00 OK
r-release-windows-x86_64 1.0.1 43.00 75.00 118.00 OK
r-oldrel-macos-arm64 1.0.1 37.00 OK
r-oldrel-windows-x86_64 1.0.1 41.00 75.00 116.00 OK

Additional issues

Intel

Check Details

Version: 1.0.1
Check: whether package can be installed
Result: WARN Found the following significant warnings: EM.cpp:53:41: warning: using integer absolute value function 'abs' when argument is of floating point type [-Wabsolute-value] See ‘/home/hornik/tmp/R.check/r-devel-clang/Work/PKGS/ebTobit.Rcheck/00install.out’ for details. * used C++ compiler: ‘Debian clang version 17.0.6 (5)’ Flavor: r-devel-linux-x86_64-debian-clang