CRAN Package Check Results for Package ecce

Last updated on 2021-10-24 00:50:56 CEST.

Flavor Version Tinstall Tcheck Ttotal Status Flags
r-devel-linux-x86_64-debian-clang 1.0.7 1.81 23.70 25.51 NOTE
r-devel-linux-x86_64-debian-gcc 1.0.7 1.44 18.87 20.31 NOTE
r-devel-linux-x86_64-fedora-clang 1.0.7 42.62 NOTE
r-devel-linux-x86_64-fedora-gcc 1.0.7 31.23 NOTE
r-devel-windows-x86_64 1.0.7 4.00 56.00 60.00 NOTE
r-devel-windows-x86_64-gcc10-UCRT 1.0.7 NOTE
r-patched-linux-x86_64 1.0.7 2.03 22.79 24.82 NOTE
r-patched-solaris-x86 1.0.7 50.00 NOTE
r-release-linux-x86_64 1.0.7 1.92 22.78 24.70 NOTE
r-release-macos-arm64 1.0.7 NOTE
r-release-macos-x86_64 1.0.7 NOTE
r-release-windows-ix86+x86_64 1.0.7 4.00 57.00 61.00 NOTE
r-oldrel-macos-x86_64 1.0.7 OK
r-oldrel-windows-ix86+x86_64 1.0.7 6.00 52.00 58.00 OK

Check Details

Version: 1.0.7
Check: LazyData
Result: NOTE
     'LazyData' is specified without a 'data' directory
Flavors: r-devel-linux-x86_64-debian-clang, r-devel-linux-x86_64-debian-gcc, r-devel-linux-x86_64-fedora-clang, r-devel-linux-x86_64-fedora-gcc, r-devel-windows-x86_64, r-devel-windows-x86_64-gcc10-UCRT, r-patched-linux-x86_64, r-patched-solaris-x86, r-release-linux-x86_64, r-release-macos-arm64, r-release-macos-x86_64, r-release-windows-ix86+x86_64