CRAN Package Check Results for Package ecd

Last updated on 2021-10-21 00:49:43 CEST.

Flavor Version Tinstall Tcheck Ttotal Status Flags
r-devel-linux-x86_64-debian-clang 0.9.1 21.89 477.72 499.61 NOTE
r-devel-linux-x86_64-debian-gcc 0.9.1 17.65 349.49 367.14 NOTE
r-devel-linux-x86_64-fedora-clang 0.9.1 584.12 NOTE
r-devel-linux-x86_64-fedora-gcc 0.9.1 571.92 NOTE
r-devel-windows-x86_64 0.9.1 35.00 121.00 156.00 NOTE --no-examples --no-tests --no-vignettes
r-devel-windows-x86_64-gcc10-UCRT 0.9.1 NOTE
r-patched-linux-x86_64 0.9.1 20.51 460.44 480.95 NOTE
r-patched-solaris-x86 0.9.1 697.00 NOTE
r-release-linux-x86_64 0.9.1 20.17 453.45 473.62 NOTE
r-release-macos-arm64 0.9.1 NOTE
r-release-macos-x86_64 0.9.1 NOTE
r-release-windows-ix86+x86_64 0.9.1 48.00 146.00 194.00 NOTE --no-examples --no-tests --no-vignettes
r-oldrel-macos-x86_64 0.9.1 OK
r-oldrel-windows-ix86+x86_64 0.9.1 44.00 145.00 189.00 OK --no-examples --no-tests --no-vignettes

Check Details

Version: 0.9.1
Check: LazyData
Result: NOTE
     'LazyData' is specified without a 'data' directory
Flavors: r-devel-linux-x86_64-debian-clang, r-devel-linux-x86_64-debian-gcc, r-devel-linux-x86_64-fedora-clang, r-devel-linux-x86_64-fedora-gcc, r-devel-windows-x86_64-gcc10-UCRT, r-patched-linux-x86_64, r-patched-solaris-x86, r-release-linux-x86_64, r-release-macos-arm64, r-release-macos-x86_64

Version: 0.9.1
Flags: --no-examples --no-tests --no-vignettes
Check: LazyData
Result: NOTE
     'LazyData' is specified without a 'data' directory
Flavors: r-devel-windows-x86_64, r-release-windows-ix86+x86_64