CRAN Package Check Results for Package ecmwfr

Last updated on 2021-10-23 00:48:52 CEST.

Flavor Version Tinstall Tcheck Ttotal Status Flags
r-devel-linux-x86_64-debian-clang 1.3.0 3.54 45.79 49.33 NOTE
r-devel-linux-x86_64-debian-gcc 1.3.0 2.49 35.40 37.89 NOTE
r-devel-linux-x86_64-fedora-clang 1.3.0 70.86 NOTE
r-devel-linux-x86_64-fedora-gcc 1.3.0 58.28 NOTE
r-devel-windows-x86_64 1.3.0 6.00 75.00 81.00 NOTE
r-devel-windows-x86_64-gcc10-UCRT 1.3.0 NOTE
r-patched-linux-x86_64 1.3.0 3.08 70.88 73.96 NOTE
r-patched-solaris-x86 1.3.0 66.50 NOTE
r-release-linux-x86_64 1.3.0 2.77 71.19 73.96 NOTE
r-release-macos-arm64 1.3.0 NOTE
r-release-macos-x86_64 1.3.0 NOTE
r-release-windows-ix86+x86_64 1.3.0 6.00 105.00 111.00 NOTE
r-oldrel-macos-x86_64 1.3.0 OK
r-oldrel-windows-ix86+x86_64 1.3.0 8.00 95.00 103.00 OK

Check Details

Version: 1.3.0
Check: LazyData
Result: NOTE
     'LazyData' is specified without a 'data' directory
Flavors: r-devel-linux-x86_64-debian-clang, r-devel-linux-x86_64-debian-gcc, r-devel-linux-x86_64-fedora-clang, r-devel-linux-x86_64-fedora-gcc, r-devel-windows-x86_64, r-devel-windows-x86_64-gcc10-UCRT, r-patched-linux-x86_64, r-patched-solaris-x86, r-release-linux-x86_64, r-release-macos-arm64, r-release-macos-x86_64, r-release-windows-ix86+x86_64