CRAN Package Check Results for Package ecolMod

Last updated on 2023-10-04 00:58:21 CEST.

Flavor Version Tinstall Tcheck Ttotal Status Flags
r-devel-linux-x86_64-debian-clang 1.2.6.4 3.61 57.19 60.80 OK
r-devel-linux-x86_64-debian-gcc 1.2.6.4 2.94 42.11 45.05 OK
r-devel-linux-x86_64-fedora-clang 1.2.6.4 79.05 OK
r-devel-linux-x86_64-fedora-gcc 1.2.6.4 86.51 OK
r-devel-windows-x86_64 1.2.6.4 9.00 82.00 91.00 OK
r-patched-linux-x86_64 1.2.6.4 4.41 55.73 60.14 OK
r-release-linux-x86_64 1.2.6.4 3.78 55.89 59.67 OK
r-release-macos-arm64 1.2.6.4 42.00 OK
r-release-macos-x86_64 1.2.6.4 60.00 NOTE
r-release-windows-x86_64 1.2.6.4 11.00 82.00 93.00 OK
r-oldrel-macos-arm64 1.2.6.4 31.00 OK
r-oldrel-macos-x86_64 1.2.6.4 46.00 OK
r-oldrel-windows-x86_64 1.2.6.4 11.00 88.00 99.00 OK

Check Details

Version: 1.2.6.4
Check: package dependencies
Result: NOTE
    Package suggested but not available for checking: ‘seacarb’
Flavor: r-release-macos-x86_64