CRAN Package Check Results for Package ecolRxC

Last updated on 2024-06-25 00:57:57 CEST.

Flavor Version Tinstall Tcheck Ttotal Status Flags
r-devel-linux-x86_64-debian-clang 0.1.1-10 5.29 39.98 45.27 NOTE
r-devel-linux-x86_64-debian-gcc 0.1.1-10 4.16 29.61 33.77 NOTE
r-devel-linux-x86_64-fedora-clang 0.1.1-10 58.42 NOTE
r-devel-linux-x86_64-fedora-gcc 0.1.1-10 59.94 NOTE
r-devel-windows-x86_64 0.1.1-10 6.00 48.00 54.00 NOTE
r-patched-linux-x86_64 0.1.1-10 6.61 38.51 45.12 NOTE
r-release-linux-x86_64 0.1.1-10 4.52 39.09 43.61 NOTE
r-release-macos-arm64 0.1.1-10 18.00 NOTE
r-release-macos-x86_64 0.1.1-10 27.00 NOTE
r-release-windows-x86_64 0.1.1-10 5.00 49.00 54.00 NOTE
r-oldrel-macos-arm64 0.1.1-10 22.00 OK
r-oldrel-macos-x86_64 0.1.1-10 31.00 OK
r-oldrel-windows-x86_64 0.1.1-10 5.00 52.00 57.00 OK

Check Details

Version: 0.1.1-10
Check: Rd files
Result: NOTE checkRd: (-1) ecolRxC.Rd:161-166: Lost braces in \itemize; meant \describe ? checkRd: (-1) ecolRxC.Rd:167-175: Lost braces in \itemize; meant \describe ? checkRd: (-1) ecolRxC.Rd:176-178: Lost braces in \itemize; meant \describe ? checkRd: (-1) ecolRxC.Rd:179-185: Lost braces in \itemize; meant \describe ? checkRd: (-1) ecolRxC.Rd:186-192: Lost braces in \itemize; meant \describe ? checkRd: (-1) ecolRxC.Rd:193-201: Lost braces in \itemize; meant \describe ? checkRd: (-1) ecolRxC.Rd:202-208: Lost braces in \itemize; meant \describe ? checkRd: (-1) ecolRxC.Rd:209-216: Lost braces in \itemize; meant \describe ? checkRd: (-1) ecolRxC.Rd:217-221: Lost braces in \itemize; meant \describe ? Flavors: r-devel-linux-x86_64-debian-clang, r-devel-linux-x86_64-debian-gcc, r-devel-linux-x86_64-fedora-clang, r-devel-linux-x86_64-fedora-gcc, r-devel-windows-x86_64, r-patched-linux-x86_64, r-release-linux-x86_64, r-release-macos-arm64, r-release-macos-x86_64, r-release-windows-x86_64