CRAN Package Check Results for Package ecospat

Last updated on 2023-06-10 00:54:44 CEST.

Flavor Version Tinstall Tcheck Ttotal Status Flags
r-devel-linux-x86_64-debian-clang 3.5 55.16 517.14 572.30 ERROR
r-devel-linux-x86_64-debian-gcc 3.5 40.71 380.50 421.21 ERROR
r-devel-linux-x86_64-fedora-clang 3.5 736.95 ERROR
r-devel-linux-x86_64-fedora-gcc 3.5 683.03 ERROR
r-devel-windows-x86_64 3.5 43.00 410.00 453.00 ERROR
r-patched-linux-x86_64 3.5 56.42 476.17 532.59 ERROR
r-release-linux-x86_64 3.5 38.83 488.96 527.79 ERROR
r-release-macos-arm64 3.5 167.00 OK
r-release-macos-x86_64 3.5 341.00 OK
r-release-windows-x86_64 3.5 62.00 457.00 519.00 ERROR
r-oldrel-macos-arm64 3.5 128.00 OK
r-oldrel-macos-x86_64 3.5 223.00 OK
r-oldrel-windows-x86_64 3.5 60.00 445.00 505.00 ERROR

Additional issues

donttest

Check Details

Version: 3.5
Check: re-building of vignette outputs
Result: ERROR
    Error(s) in re-building vignettes:
     ...
    --- re-building ‘vignette_ecospat_package.Rmd’ using rmarkdown
    
    Quitting from lines 449-451 [ESM.EnsembleModeling] (vignette_ecospat_package.Rmd)
    Error: processing vignette ‘vignette_ecospat_package.Rmd’ failed with diagnostics:
    invalid ‘description’ argument
    --- failed re-building ‘vignette_ecospat_package.Rmd’
    
    SUMMARY: processing the following file failed:
     ‘vignette_ecospat_package.Rmd’
    
    Error: Vignette re-building failed.
    Execution halted
Flavors: r-devel-linux-x86_64-debian-clang, r-devel-linux-x86_64-debian-gcc, r-patched-linux-x86_64, r-release-linux-x86_64

Version: 3.5
Check: package dependencies
Result: NOTE
    Imports includes 22 non-default packages.
    Importing from so many packages makes the package vulnerable to any of
    them becoming unavailable. Move as many as possible to Suggests and
    use conditionally.
Flavor: r-devel-linux-x86_64-fedora-clang

Version: 3.5
Check: re-building of vignette outputs
Result: ERROR
    Error(s) in re-building vignettes:
    --- re-building ‘vignette_ecospat_package.Rmd’ using rmarkdown
    
    Quitting from lines 449-451 [ESM.EnsembleModeling] (vignette_ecospat_package.Rmd)
    Error: processing vignette 'vignette_ecospat_package.Rmd' failed with diagnostics:
    invalid 'description' argument
    --- failed re-building ‘vignette_ecospat_package.Rmd’
    
    SUMMARY: processing the following file failed:
     ‘vignette_ecospat_package.Rmd’
    
    Error: Vignette re-building failed.
    Execution halted
Flavors: r-devel-linux-x86_64-fedora-clang, r-devel-linux-x86_64-fedora-gcc, r-devel-windows-x86_64

Version: 3.5
Check: re-building of vignette outputs
Result: ERROR
    Error(s) in re-building vignettes:
    --- re-building 'vignette_ecospat_package.Rmd' using rmarkdown
    Warning in has_crop_tools() :
     TeX Live version too low. Please consider upgrading, e.g., via tinytex::reinstall_tinytex().
    
    Quitting from lines 449-451 [ESM.EnsembleModeling] (vignette_ecospat_package.Rmd)
    Error: processing vignette 'vignette_ecospat_package.Rmd' failed with diagnostics:
    invalid 'description' argument
    --- failed re-building 'vignette_ecospat_package.Rmd'
    
    SUMMARY: processing the following file failed:
     'vignette_ecospat_package.Rmd'
    
    Error: Vignette re-building failed.
    Execution halted
Flavors: r-release-windows-x86_64, r-oldrel-windows-x86_64